Back to Long Tests report for BioC 3.22 |
This page was generated on 2025-04-26 23:55 -0400 (Sat, 26 Apr 2025).
Hostname | OS | Arch (*) | R version | Installed pkgs |
---|---|---|---|---|
nebbiolo2 | Linux (Ubuntu 24.04.1 LTS) | x86_64 | 4.5.0 (2025-04-11) -- "How About a Twenty-Six" | 4722 |
palomino8 | Windows Server 2022 Datacenter | x64 | 4.5.0 (2025-04-11 ucrt) -- "How About a Twenty-Six" | 4494 |
lconway | macOS 12.7.1 Monterey | x86_64 | 4.5.0 Patched (2025-04-21 r88169) -- "How About a Twenty-Six" | 4523 |
Click on any hostname to see more info about the system (e.g. compilers) (*) as reported by 'uname -p', except on Windows and Mac OS X |
Package 18/30 | Hostname | OS / Arch | CHECK | |||||||
EpiMix 1.11.0 (landing page) Yuanning Zheng
| nebbiolo2 | Linux (Ubuntu 24.04.1 LTS) / x86_64 | ERROR | |||||||
palomino8 | Windows Server 2022 Datacenter / x64 | ERROR | ||||||||
lconway | macOS 12.7.1 Monterey / x86_64 | ERROR | ||||||||
To the developers/maintainers of the EpiMix package: - Use the following Renviron settings to reproduce errors and warnings. - If 'R CMD check' started to fail recently on the Linux builder(s) over a missing dependency, add the missing dependency to 'Suggests:' in your DESCRIPTION file. See Renviron.bioc for more information. |
Package: EpiMix |
Version: 1.11.0 |
Command: /home/biocbuild/bbs-3.22-bioc/R/bin/R CMD check --test-dir=longtests --no-stop-on-test-error --no-codoc --no-examples --no-manual --ignore-vignettes --check-subdirs=no EpiMix_1.11.0.tar.gz |
StartedAt: 2025-04-26 16:15:42 -0400 (Sat, 26 Apr 2025) |
EndedAt: 2025-04-26 16:15:47 -0400 (Sat, 26 Apr 2025) |
EllapsedTime: 5.0 seconds |
RetCode: 1 |
Status: ERROR |
CheckDir: EpiMix.Rcheck |
Warnings: NA |
############################################################################## ############################################################################## ### ### Running command: ### ### /home/biocbuild/bbs-3.22-bioc/R/bin/R CMD check --test-dir=longtests --no-stop-on-test-error --no-codoc --no-examples --no-manual --ignore-vignettes --check-subdirs=no EpiMix_1.11.0.tar.gz ### ############################################################################## ############################################################################## * using log directory ‘/home/biocbuild/bbs-3.22-bioc-longtests/meat/EpiMix.Rcheck’ * using R version 4.5.0 (2025-04-11) * using platform: x86_64-pc-linux-gnu * R was compiled by gcc (Ubuntu 13.3.0-6ubuntu2~24.04) 13.3.0 GNU Fortran (Ubuntu 13.3.0-6ubuntu2~24.04) 13.3.0 * running under: Ubuntu 24.04.2 LTS * using session charset: UTF-8 * using options ‘--no-codoc --no-examples --no-manual --ignore-vignettes --no-stop-on-test-error’ * checking for file ‘EpiMix/DESCRIPTION’ ... OK * this is package ‘EpiMix’ version ‘1.11.0’ * package encoding: UTF-8 * checking package namespace information ... OK * checking package dependencies ... ERROR Package suggested but not available: ‘karyoploteR’ Imports includes 30 non-default packages. Importing from so many packages makes the package vulnerable to any of them becoming unavailable. Move as many as possible to Suggests and use conditionally. The suggested packages are required for a complete check. Checking can be attempted without them by setting the environment variable _R_CHECK_FORCE_SUGGESTS_ to a false value. See section ‘The DESCRIPTION file’ in the ‘Writing R Extensions’ manual. * DONE Status: 1 ERROR See ‘/home/biocbuild/bbs-3.22-bioc-longtests/meat/EpiMix.Rcheck/00check.log’ for details.