Back to Long Tests report for BioC 3.22

This page was generated on 2025-04-26 23:55 -0400 (Sat, 26 Apr 2025).

HostnameOSArch (*)R versionInstalled pkgs
nebbiolo2Linux (Ubuntu 24.04.1 LTS)x86_644.5.0 (2025-04-11) -- "How About a Twenty-Six" 4722
palomino8Windows Server 2022 Datacenterx644.5.0 (2025-04-11 ucrt) -- "How About a Twenty-Six" 4494
lconwaymacOS 12.7.1 Montereyx86_644.5.0 Patched (2025-04-21 r88169) -- "How About a Twenty-Six" 4523
Click on any hostname to see more info about the system (e.g. compilers)      (*) as reported by 'uname -p', except on Windows and Mac OS X

Package 18/30HostnameOS / ArchCHECK
EpiMix 1.11.0  (landing page)
Yuanning Zheng
Snapshot Date: 2025-04-26 09:55 -0400 (Sat, 26 Apr 2025)
git_url: https://git.bioconductor.org/packages/EpiMix
git_branch: devel
git_last_commit: 21976bd
git_last_commit_date: 2025-04-15 12:53:32 -0400 (Tue, 15 Apr 2025)
nebbiolo2Linux (Ubuntu 24.04.1 LTS) / x86_64  ERROR  
palomino8Windows Server 2022 Datacenter / x64  ERROR  
lconwaymacOS 12.7.1 Monterey / x86_64  ERROR  


CHECK results for EpiMix on lconway

To the developers/maintainers of the EpiMix package:
- Use the following Renviron settings to reproduce errors and warnings.
- If 'R CMD check' started to fail recently on the Linux builder(s) over a missing dependency, add the missing dependency to 'Suggests:' in your DESCRIPTION file. See Renviron.bioc for more information.

raw results


Summary

Package: EpiMix
Version: 1.11.0
Command: /Library/Frameworks/R.framework/Resources/bin/R CMD check --test-dir=longtests --no-stop-on-test-error --no-codoc --no-examples --no-manual --ignore-vignettes --check-subdirs=no EpiMix_1.11.0.tar.gz
StartedAt: 2025-04-26 16:04:48 -0400 (Sat, 26 Apr 2025)
EndedAt: 2025-04-26 16:04:53 -0400 (Sat, 26 Apr 2025)
EllapsedTime: 4.5 seconds
RetCode: 1
Status:   ERROR  
CheckDir: EpiMix.Rcheck
Warnings: NA

Tests output


'R CMD check' output

##############################################################################
##############################################################################
###
### Running command:
###
###   /Library/Frameworks/R.framework/Resources/bin/R CMD check --test-dir=longtests --no-stop-on-test-error --no-codoc --no-examples --no-manual --ignore-vignettes --check-subdirs=no EpiMix_1.11.0.tar.gz
###
##############################################################################
##############################################################################


* using log directory ‘/Users/biocbuild/bbs-3.22-bioc-longtests/meat/EpiMix.Rcheck’
* using R version 4.5.0 Patched (2025-04-21 r88169)
* using platform: x86_64-apple-darwin20
* R was compiled by
    Apple clang version 14.0.0 (clang-1400.0.29.202)
    GNU Fortran (GCC) 14.2.0
* running under: macOS Monterey 12.7.6
* using session charset: UTF-8
* using options ‘--no-codoc --no-examples --no-manual --ignore-vignettes --no-stop-on-test-error’
* checking for file ‘EpiMix/DESCRIPTION’ ... OK
* this is package ‘EpiMix’ version ‘1.11.0’
* package encoding: UTF-8
* checking package namespace information ... OK
* checking package dependencies ... ERROR
Package suggested but not available: ‘karyoploteR’

Imports includes 30 non-default packages.
Importing from so many packages makes the package vulnerable to any of
them becoming unavailable.  Move as many as possible to Suggests and
use conditionally.

The suggested packages are required for a complete check.
Checking can be attempted without them by setting the environment
variable _R_CHECK_FORCE_SUGGESTS_ to a false value.

See section ‘The DESCRIPTION file’ in the ‘Writing R Extensions’
manual.
* DONE

Status: 1 ERROR
See
  ‘/Users/biocbuild/bbs-3.22-bioc-longtests/meat/EpiMix.Rcheck/00check.log’
for details.


Installation output