Back to Long Tests report for BioC 3.21

This page was generated on 2025-04-12 23:55 -0400 (Sat, 12 Apr 2025).

HostnameOSArch (*)R versionInstalled pkgs
nebbiolo1Linux (Ubuntu 24.04.1 LTS)x86_644.5.0 RC (2025-04-04 r88126) -- "How About a Twenty-Six" 4634
palomino7Windows Server 2022 Datacenterx644.5.0 RC (2025-04-04 r88126 ucrt) -- "How About a Twenty-Six" 4572
lconwaymacOS 12.7.1 Montereyx86_644.5.0 RC (2025-04-04 r88126) -- "How About a Twenty-Six" 4599
Click on any hostname to see more info about the system (e.g. compilers)      (*) as reported by 'uname -p', except on Windows and Mac OS X

Package 29/30HostnameOS / ArchCHECK
xcms 4.5.4  (landing page)
Steffen Neumann
Snapshot Date: 2025-04-12 09:55 -0400 (Sat, 12 Apr 2025)
git_url: https://git.bioconductor.org/packages/xcms
git_branch: devel
git_last_commit: b4e230e9
git_last_commit_date: 2025-03-14 08:39:14 -0400 (Fri, 14 Mar 2025)
nebbiolo1Linux (Ubuntu 24.04.1 LTS) / x86_64  ERROR  
palomino7Windows Server 2022 Datacenter / x64  ERROR  
lconwaymacOS 12.7.1 Monterey / x86_64  ERROR  


CHECK results for xcms on lconway

To the developers/maintainers of the xcms package:
- Use the following Renviron settings to reproduce errors and warnings.
- If 'R CMD check' started to fail recently on the Linux builder(s) over a missing dependency, add the missing dependency to 'Suggests:' in your DESCRIPTION file. See Renviron.bioc for more information.

raw results


Summary

Package: xcms
Version: 4.5.4
Command: /Library/Frameworks/R.framework/Resources/bin/R CMD check --test-dir=longtests --no-stop-on-test-error --no-codoc --no-examples --no-manual --ignore-vignettes --check-subdirs=no xcms_4.5.4.tar.gz
StartedAt: 2025-04-12 16:13:00 -0400 (Sat, 12 Apr 2025)
EndedAt: 2025-04-12 16:13:05 -0400 (Sat, 12 Apr 2025)
EllapsedTime: 4.5 seconds
RetCode: 1
Status:   ERROR  
CheckDir: xcms.Rcheck
Warnings: NA

Tests output


'R CMD check' output

##############################################################################
##############################################################################
###
### Running command:
###
###   /Library/Frameworks/R.framework/Resources/bin/R CMD check --test-dir=longtests --no-stop-on-test-error --no-codoc --no-examples --no-manual --ignore-vignettes --check-subdirs=no xcms_4.5.4.tar.gz
###
##############################################################################
##############################################################################


* using log directory ‘/Users/biocbuild/bbs-3.21-bioc-longtests/meat/xcms.Rcheck’
* using R version 4.5.0 RC (2025-04-04 r88126)
* using platform: x86_64-apple-darwin20
* R was compiled by
    Apple clang version 14.0.0 (clang-1400.0.29.202)
    GNU Fortran (GCC) 14.2.0
* running under: macOS Monterey 12.7.6
* using session charset: UTF-8
* using options ‘--no-codoc --no-examples --no-manual --ignore-vignettes --no-stop-on-test-error’
* checking for file ‘xcms/DESCRIPTION’ ... OK
* this is package ‘xcms’ version ‘4.5.4’
* package encoding: UTF-8
* checking package namespace information ... OK
* checking package dependencies ... ERROR
Package suggested but not available: ‘faahKO’

The suggested packages are required for a complete check.
Checking can be attempted without them by setting the environment
variable _R_CHECK_FORCE_SUGGESTS_ to a false value.

See section ‘The DESCRIPTION file’ in the ‘Writing R Extensions’
manual.
* DONE

Status: 1 ERROR
See
  ‘/Users/biocbuild/bbs-3.21-bioc-longtests/meat/xcms.Rcheck/00check.log’
for details.


Installation output