Back to Multiple platform build/check report for BioC 3.21:   simplified   long
ABCDEFGHIJKLMN[O]PQRSTUVWXYZ

This page was generated on 2025-04-28 13:43 -0400 (Mon, 28 Apr 2025).

HostnameOSArch (*)R versionInstalled pkgs
nebbiolo1Linux (Ubuntu 24.04.1 LTS)x86_644.5.0 RC (2025-04-04 r88126) -- "How About a Twenty-Six" 4832
palomino7Windows Server 2022 Datacenterx644.5.0 RC (2025-04-04 r88126 ucrt) -- "How About a Twenty-Six" 4574
Click on any hostname to see more info about the system (e.g. compilers)      (*) as reported by 'uname -p', except on Windows and Mac OS X

Package 1498/2341HostnameOS / ArchINSTALLBUILDCHECKBUILD BIN
oppti 1.22.0  (landing page)
Abdulkadir Elmas
Snapshot Date: 2025-04-24 15:01 -0400 (Thu, 24 Apr 2025)
git_url: https://git.bioconductor.org/packages/oppti
git_branch: RELEASE_3_21
git_last_commit: 99f68b4
git_last_commit_date: 2025-04-15 11:52:13 -0400 (Tue, 15 Apr 2025)
nebbiolo1Linux (Ubuntu 24.04.1 LTS) / x86_64  OK    ERROR  skipped
palomino7Windows Server 2022 Datacenter / x64  OK    ERROR  skippedskipped


BUILD results for oppti on palomino7

To the developers/maintainers of the oppti package:
- Allow up to 24 hours (and sometimes 48 hours) for your latest push to git@git.bioconductor.org:packages/oppti.git to reflect on this report. See Troubleshooting Build Report for more information.
- Use the following Renviron settings to reproduce errors and warnings.
- If 'R CMD check' started to fail recently on the Linux builder(s) over a missing dependency, add the missing dependency to 'Suggests:' in your DESCRIPTION file. See Renviron.bioc for more information.

raw results


Summary

Package: oppti
Version: 1.22.0
Command: chmod a+r oppti -R && E:\biocbuild\bbs-3.21-bioc\R\bin\R.exe CMD build --keep-empty-dirs --no-resave-data oppti
StartedAt: 2025-04-24 22:21:33 -0400 (Thu, 24 Apr 2025)
EndedAt: 2025-04-24 22:22:06 -0400 (Thu, 24 Apr 2025)
EllapsedTime: 33.0 seconds
RetCode: 1
Status:   ERROR  
PackageFile: None
PackageFileSize: NA

Command output

##############################################################################
##############################################################################
###
### Running command:
###
###   chmod a+r oppti -R && E:\biocbuild\bbs-3.21-bioc\R\bin\R.exe CMD build --keep-empty-dirs --no-resave-data oppti
###
##############################################################################
##############################################################################


* checking for file 'oppti/DESCRIPTION' ... OK
* preparing 'oppti':
* checking DESCRIPTION meta-information ... OK
* installing the package to build vignettes
* creating vignettes ... ERROR
--- re-building 'analysis.Rmd' using knitr
Error: processing vignette 'analysis.Rmd' failed with diagnostics:
replacement has length zero
--- failed re-building 'analysis.Rmd'

SUMMARY: processing the following file failed:
  'analysis.Rmd'

Error: Vignette re-building failed.
Execution halted