Back to Multiple platform build/check report for BioC 3.21:   simplified   long
ABCDEFGHIJKL[M]NOPQRSTUVWXYZ

This page was generated on 2025-04-28 13:43 -0400 (Mon, 28 Apr 2025).

HostnameOSArch (*)R versionInstalled pkgs
nebbiolo1Linux (Ubuntu 24.04.1 LTS)x86_644.5.0 RC (2025-04-04 r88126) -- "How About a Twenty-Six" 4832
palomino7Windows Server 2022 Datacenterx644.5.0 RC (2025-04-04 r88126 ucrt) -- "How About a Twenty-Six" 4574
Click on any hostname to see more info about the system (e.g. compilers)      (*) as reported by 'uname -p', except on Windows and Mac OS X

Package 1343/2341HostnameOS / ArchINSTALLBUILDCHECKBUILD BIN
motifbreakR 2.22.0  (landing page)
Simon Gert Coetzee
Snapshot Date: 2025-04-24 15:01 -0400 (Thu, 24 Apr 2025)
git_url: https://git.bioconductor.org/packages/motifbreakR
git_branch: RELEASE_3_21
git_last_commit: f754fca
git_last_commit_date: 2025-04-15 10:53:23 -0400 (Tue, 15 Apr 2025)
nebbiolo1Linux (Ubuntu 24.04.1 LTS) / x86_64  OK    OK    WARNINGS  UNNEEDED, same version is already published
palomino7Windows Server 2022 Datacenter / x64  OK    OK    WARNINGS    OK  UNNEEDED, same version is already published


CHECK results for motifbreakR on palomino7

To the developers/maintainers of the motifbreakR package:
- Allow up to 24 hours (and sometimes 48 hours) for your latest push to git@git.bioconductor.org:packages/motifbreakR.git to reflect on this report. See Troubleshooting Build Report for more information.
- Use the following Renviron settings to reproduce errors and warnings.
- If 'R CMD check' started to fail recently on the Linux builder(s) over a missing dependency, add the missing dependency to 'Suggests:' in your DESCRIPTION file. See Renviron.bioc for more information.

raw results


Summary

Package: motifbreakR
Version: 2.22.0
Command: E:\biocbuild\bbs-3.21-bioc\R\bin\R.exe CMD check --no-multiarch --install=check:motifbreakR.install-out.txt --library=E:\biocbuild\bbs-3.21-bioc\R\library --no-vignettes --timings motifbreakR_2.22.0.tar.gz
StartedAt: 2025-04-25 05:24:25 -0400 (Fri, 25 Apr 2025)
EndedAt: 2025-04-25 05:39:11 -0400 (Fri, 25 Apr 2025)
EllapsedTime: 885.9 seconds
RetCode: 0
Status:   WARNINGS  
CheckDir: motifbreakR.Rcheck
Warnings: 2

Command output

##############################################################################
##############################################################################
###
### Running command:
###
###   E:\biocbuild\bbs-3.21-bioc\R\bin\R.exe CMD check --no-multiarch --install=check:motifbreakR.install-out.txt --library=E:\biocbuild\bbs-3.21-bioc\R\library --no-vignettes --timings motifbreakR_2.22.0.tar.gz
###
##############################################################################
##############################################################################


* using log directory 'E:/biocbuild/bbs-3.21-bioc/meat/motifbreakR.Rcheck'
* using R version 4.5.0 RC (2025-04-04 r88126 ucrt)
* using platform: x86_64-w64-mingw32
* R was compiled by
    gcc.exe (GCC) 14.2.0
    GNU Fortran (GCC) 14.2.0
* running under: Windows Server 2022 x64 (build 20348)
* using session charset: UTF-8
* using option '--no-vignettes'
* checking for file 'motifbreakR/DESCRIPTION' ... OK
* this is package 'motifbreakR' version '2.22.0'
* package encoding: UTF-8
* checking package namespace information ... OK
* checking package dependencies ... INFO
Imports includes 24 non-default packages.
Importing from so many packages makes the package vulnerable to any of
them becoming unavailable.  Move as many as possible to Suggests and
use conditionally.
* checking if this is a source package ... OK
* checking if there is a namespace ... OK
* checking for hidden files and directories ... OK
* checking for portable file names ... OK
* checking whether package 'motifbreakR' can be installed ... WARNING
Found the following significant warnings:
  Warning: replacing previous import 'IRanges::windows' by 'grDevices::windows' when loading 'motifbreakR'
See 'E:/biocbuild/bbs-3.21-bioc/meat/motifbreakR.Rcheck/00install.out' for details.
* checking installed package size ... OK
* checking package directory ... OK
* checking 'build' directory ... OK
* checking DESCRIPTION meta-information ... OK
* checking top-level files ... OK
* checking for left-over files ... OK
* checking index information ... OK
* checking package subdirectories ... OK
* checking code files for non-ASCII characters ... OK
* checking R files for syntax errors ... OK
* checking whether the package can be loaded ... OK
* checking whether the package can be loaded with stated dependencies ... OK
* checking whether the package can be unloaded cleanly ... OK
* checking whether the namespace can be loaded with stated dependencies ... OK
* checking whether the namespace can be unloaded cleanly ... OK
* checking dependencies in R code ... NOTE
Package in Depends field not imported from: 'MotifDb'
  These packages need to be imported from (in the NAMESPACE file)
  for when this namespace is loaded but not attached.
* checking S3 generic/method consistency ... OK
* checking replacement functions ... OK
* checking foreign function calls ... OK
* checking R code for possible problems ... NOTE
biomartToGranges: no visible binding for global variable 'chr_name'
biomartToGranges: no visible binding for global variable 'chrom_start'
biomartToGranges: no visible binding for global variable 'chrom_end'
biomartToGranges: no visible binding for global variable 'SNP_id'
biomartToGranges: no visible binding for global variable 'REF'
biomartToGranges: no visible binding for global variable 'ALT'
calculatePvalue: no visible binding for global variable 'Refpvalue'
calculatePvalue: no visible binding for global variable 'Altpvalue'
convertPeakFile: no visible binding for global variable 'chr'
convertPeakFile: no visible binding for global variable 'name'
Undefined global functions or variables:
  ALT Altpvalue REF Refpvalue SNP_id chr chr_name chrom_end chrom_start
  name
* checking Rd files ... NOTE
checkRd: (-1) calculatePvalue.Rd:7: Lost braces
     7 | H{\'e}l{\`e}ne Touzet and Jean-St{\'e}phane Varr{\'e} (2007) Efficient and accurate P-value computation for Position Weight Matrices.
       |  ^
checkRd: (-1) calculatePvalue.Rd:7: Lost braces
     7 | H{\'e}l{\`e}ne Touzet and Jean-St{\'e}phane Varr{\'e} (2007) Efficient and accurate P-value computation for Position Weight Matrices.
       |        ^
checkRd: (-1) calculatePvalue.Rd:7: Lost braces
     7 | H{\'e}l{\`e}ne Touzet and Jean-St{\'e}phane Varr{\'e} (2007) Efficient and accurate P-value computation for Position Weight Matrices.
       |                                  ^
checkRd: (-1) calculatePvalue.Rd:7: Lost braces
     7 | H{\'e}l{\`e}ne Touzet and Jean-St{\'e}phane Varr{\'e} (2007) Efficient and accurate P-value computation for Position Weight Matrices.
       |                                                 ^
* checking Rd metadata ... OK
* checking Rd cross-references ... NOTE
Found the following Rd file(s) with Rd \link{} targets missing package
anchors:
  calculatePvalue.Rd: TFMsc2pv
  findSupportingRemapPeaks.Rd: MotifDb, associateTranscriptionFactors
  motifbreakR.Rd: TFMPvalue-package, TFMsc2pv
  shiny_motifbreakR.Rd: shinyAppDir
  snps.from.file.Rd: useEnsembl
  snps.from.rsid.Rd: useEnsembl
Please provide package anchors for all Rd \link{} targets not in the
package itself and the base packages.
* checking for missing documentation entries ... WARNING
Undocumented data sets:
  'example.pvalue'
All user-level objects in a package should have documentation entries.
See chapter 'Writing R documentation files' in the 'Writing R
Extensions' manual.
* checking for code/documentation mismatches ... OK
* checking Rd \usage sections ... OK
* checking Rd contents ... OK
* checking for unstated dependencies in examples ... OK
* checking contents of 'data' directory ... OK
* checking data for non-ASCII characters ... OK
* checking data for ASCII and uncompressed saves ... OK
* checking installed files from 'inst/doc' ... OK
* checking files in 'vignettes' ... OK
* checking examples ... OK
Examples with CPU (user + system) or elapsed time > 5s
                  user system elapsed
snps.from.rsid  209.29  19.22  327.03
calculatePvalue  44.62   0.14   44.90
motifbreakR      13.24   0.51   13.82
snps.from.file    3.50   0.24    6.61
* checking for unstated dependencies in vignettes ... NOTE
'library' or 'require' call not declared from: 'SNPlocs.Hsapiens.dbSNP142.GRCh37'
* checking package vignettes ... OK
* checking running R code from vignettes ... SKIPPED
* checking re-building of vignette outputs ... SKIPPED
* checking PDF version of manual ... OK
* DONE

Status: 2 WARNINGs, 5 NOTEs
See
  'E:/biocbuild/bbs-3.21-bioc/meat/motifbreakR.Rcheck/00check.log'
for details.


Installation output

motifbreakR.Rcheck/00install.out

##############################################################################
##############################################################################
###
### Running command:
###
###   E:\biocbuild\bbs-3.21-bioc\R\bin\R.exe CMD INSTALL motifbreakR
###
##############################################################################
##############################################################################


* installing to library 'E:/biocbuild/bbs-3.21-bioc/R/library'
* installing *source* package 'motifbreakR' ...
** this is package 'motifbreakR' version '2.22.0'
** using staged installation
** R
** data
** inst
** byte-compile and prepare package for lazy loading
See system.file("LICENSE", package="MotifDb") for use restrictions.
Warning: replacing previous import 'IRanges::windows' by 'grDevices::windows' when loading 'motifbreakR'
** help
*** installing help indices
** building package indices
** installing vignettes
** testing if installed package can be loaded from temporary location
See system.file("LICENSE", package="MotifDb") for use restrictions.
Warning: replacing previous import 'IRanges::windows' by 'grDevices::windows' when loading 'motifbreakR'
** testing if installed package can be loaded from final location
See system.file("LICENSE", package="MotifDb") for use restrictions.
Warning: replacing previous import 'IRanges::windows' by 'grDevices::windows' when loading 'motifbreakR'
** testing if installed package keeps a record of temporary installation path
* DONE (motifbreakR)

Tests output


Example timings

motifbreakR.Rcheck/motifbreakR-Ex.timings

nameusersystemelapsed
calculatePvalue44.62 0.1444.90
encodemotif0.080.000.09
example.results0.110.030.15
exportMBbed0.060.010.08
exportMBtable0.050.020.07
factorbook0.010.000.03
findSupportingRemapPeaks0.030.000.03
hocomoco0.020.000.03
homer0.010.020.05
motifbreakR13.24 0.5113.82
motifbreakR_motif0.060.020.07
plotMB0.050.010.06
shiny_motifbreakR0.190.060.47
snps.from.file3.500.246.61
snps.from.rsid209.29 19.22327.03