Back to Multiple platform build/check report for BioC 3.21:   simplified   long
ABCDEFGHIJKLMNO[P]QRSTUVWXYZ

This page was generated on 2025-05-01 11:43 -0400 (Thu, 01 May 2025).

HostnameOSArch (*)R versionInstalled pkgs
nebbiolo1Linux (Ubuntu 24.04.1 LTS)x86_644.5.0 RC (2025-04-04 r88126) -- "How About a Twenty-Six" 4832
palomino7Windows Server 2022 Datacenterx644.5.0 RC (2025-04-04 r88126 ucrt) -- "How About a Twenty-Six" 4574
merida1macOS 12.7.5 Montereyx86_644.5.0 RC (2025-04-04 r88126) -- "How About a Twenty-Six" 4599
kjohnson1macOS 13.6.6 Venturaarm644.5.0 RC (2025-04-04 r88129) -- "How About a Twenty-Six" 4553
Click on any hostname to see more info about the system (e.g. compilers)      (*) as reported by 'uname -p', except on Windows and Mac OS X

Package 1549/2341HostnameOS / ArchINSTALLBUILDCHECKBUILD BIN
PDATK 1.16.0  (landing page)
Benjamin Haibe-Kains
Snapshot Date: 2025-04-28 17:48 -0400 (Mon, 28 Apr 2025)
git_url: https://git.bioconductor.org/packages/PDATK
git_branch: RELEASE_3_21
git_last_commit: fd82208
git_last_commit_date: 2025-04-15 12:20:55 -0400 (Tue, 15 Apr 2025)
nebbiolo1Linux (Ubuntu 24.04.1 LTS) / x86_64  OK    OK    WARNINGS  UNNEEDED, same version is already published
palomino7Windows Server 2022 Datacenter / x64  OK    OK    WARNINGS    OK  UNNEEDED, same version is already published
merida1macOS 12.7.5 Monterey / x86_64  OK    OK    WARNINGS    OK  UNNEEDED, same version is already published
kjohnson1macOS 13.6.6 Ventura / arm64  OK    OK    WARNINGS    OK  UNNEEDED, same version is already published


CHECK results for PDATK on kjohnson1

To the developers/maintainers of the PDATK package:
- Allow up to 24 hours (and sometimes 48 hours) for your latest push to git@git.bioconductor.org:packages/PDATK.git to reflect on this report. See Troubleshooting Build Report for more information.
- Use the following Renviron settings to reproduce errors and warnings.
- If 'R CMD check' started to fail recently on the Linux builder(s) over a missing dependency, add the missing dependency to 'Suggests:' in your DESCRIPTION file. See Renviron.bioc for more information.

raw results


Summary

Package: PDATK
Version: 1.16.0
Command: /Library/Frameworks/R.framework/Resources/bin/R CMD check --install=check:PDATK.install-out.txt --library=/Library/Frameworks/R.framework/Resources/library --no-vignettes --timings PDATK_1.16.0.tar.gz
StartedAt: 2025-04-29 08:31:47 -0400 (Tue, 29 Apr 2025)
EndedAt: 2025-04-29 08:33:52 -0400 (Tue, 29 Apr 2025)
EllapsedTime: 124.3 seconds
RetCode: 0
Status:   WARNINGS  
CheckDir: PDATK.Rcheck
Warnings: 2

Command output

##############################################################################
##############################################################################
###
### Running command:
###
###   /Library/Frameworks/R.framework/Resources/bin/R CMD check --install=check:PDATK.install-out.txt --library=/Library/Frameworks/R.framework/Resources/library --no-vignettes --timings PDATK_1.16.0.tar.gz
###
##############################################################################
##############################################################################


* using log directory ‘/Users/biocbuild/bbs-3.21-bioc/meat/PDATK.Rcheck’
* using R version 4.5.0 RC (2025-04-04 r88129)
* using platform: aarch64-apple-darwin20
* R was compiled by
    Apple clang version 14.0.0 (clang-1400.0.29.202)
    GNU Fortran (GCC) 14.2.0
* running under: macOS Ventura 13.7.5
* using session charset: UTF-8
* using option ‘--no-vignettes’
* checking for file ‘PDATK/DESCRIPTION’ ... OK
* checking extension type ... Package
* this is package ‘PDATK’ version ‘1.16.0’
* package encoding: UTF-8
* checking package namespace information ... OK
* checking package dependencies ... INFO
Imports includes 28 non-default packages.
Importing from so many packages makes the package vulnerable to any of
them becoming unavailable.  Move as many as possible to Suggests and
use conditionally.
* checking if this is a source package ... OK
* checking if there is a namespace ... OK
* checking for hidden files and directories ... OK
* checking for portable file names ... OK
* checking for sufficient/correct file permissions ... OK
* checking whether package ‘PDATK’ can be installed ... WARNING
Found the following significant warnings:
  Warning: replacing previous import ‘survival::brier’ by ‘verification::brier’ when loading ‘PDATK’
See ‘/Users/biocbuild/bbs-3.21-bioc/meat/PDATK.Rcheck/00install.out’ for details.
* checking installed package size ... OK
* checking package directory ... OK
* checking ‘build’ directory ... OK
* checking DESCRIPTION meta-information ... NOTE
License stub is invalid DCF.
* checking top-level files ... OK
* checking for left-over files ... OK
* checking index information ... OK
* checking package subdirectories ... OK
* checking code files for non-ASCII characters ... OK
* checking R files for syntax errors ... OK
* checking whether the package can be loaded ... OK
* checking whether the package can be loaded with stated dependencies ... OK
* checking whether the package can be unloaded cleanly ... OK
* checking whether the namespace can be loaded with stated dependencies ... OK
* checking whether the namespace can be unloaded cleanly ... OK
* checking dependencies in R code ... OK
* checking S3 generic/method consistency ... OK
* checking replacement functions ... OK
* checking foreign function calls ... OK
* checking R code for possible problems ... NOTE
.calculateMSMthresholds: no visible binding for global variable
  ‘funContext’
.plotNetwork: no visible global function definition for ‘legend’
NCSModel: no visible binding for global variable ‘metric’
NCSModel: no visible binding for global variable ‘comparison’
NCSModel: no visible binding for global variable ‘centroid_K’
NCSModel: no visible binding for global variable ‘assay_K’
NetworkCommunitySearchModel: no visible binding for global variable
  ‘metric’
NetworkCommunitySearchModel: no visible binding for global variable
  ‘comparison’
NetworkCommunitySearchModel: no visible binding for global variable
  ‘centroid_K’
NetworkCommunitySearchModel: no visible binding for global variable
  ‘assay_K’
predictClasses,ConsensusMetaclusteringModel-ANY: no visible global
  function definition for ‘.error’
predictClasses,NCSModel-ANY: no visible binding for global variable
  ‘centroid_cohort’
predictClasses,NCSModel-ANY: no visible binding for global variable
  ‘centroid_K’
predictClasses,NCSModel-ANY: no visible binding for global variable
  ‘assay_cohort’
predictClasses,NCSModel-ANY: no visible binding for global variable
  ‘assay_K’
predictClasses,NCSModel-ANY: no visible binding for global variable
  ‘tmp’
predictClasses,NCSModel-ANY: no visible binding for global variable
  ‘cluster_label’
rankFeatures,MultiAssayExperiment: no visible binding for global
  variable ‘feature’
rankFeatures,MultiAssayExperiment: no visible binding for global
  variable ‘missignAssays’
rankFeatures,MultiAssayExperiment: no visible binding for global
  variable ‘feature_score’
rankFeatures,MultiAssayExperiment: no visible binding for global
  variable ‘feature_rank’
trainModel,ConsensusMetaclusteringModel: no visible global function
  definition for ‘pdf’
trainModel,ConsensusMetaclusteringModel: no visible global function
  definition for ‘dev.off’
trainModel,NCSModel: no visible binding for global variable
  ‘ingroup_proportion’
trainModel,NCSModel: no visible binding for global variable
  ‘cor_threshold’
Undefined global functions or variables:
  .error assay_K assay_cohort centroid_K centroid_cohort cluster_label
  comparison cor_threshold dev.off feature feature_rank feature_score
  funContext ingroup_proportion legend metric missignAssays pdf tmp
Consider adding
  importFrom("grDevices", "dev.off", "pdf")
  importFrom("graphics", "legend")
to your NAMESPACE file.
* checking Rd files ... OK
* checking Rd metadata ... OK
* checking Rd cross-references ... WARNING
Missing link(s) in Rd file 'rankFeatures-MultiAssayExperiment-method.Rd':
  ‘[dplyr:ranking]{dplyr::dense_rank}’

See section 'Cross-references' in the 'Writing R Extensions' manual.
* checking for missing documentation entries ... OK
* checking for code/documentation mismatches ... OK
* checking Rd \usage sections ... NOTE
Documented arguments not in \usage in Rd file 'dot-randomSampleIndex.Rd':
  ‘numSamples’

Functions with \usage entries need to have the appropriate \alias
entries, and all their arguments documented.
The \usage entries must correspond to syntactically valid R code.
See chapter ‘Writing R documentation files’ in the ‘Writing R
Extensions’ manual.
* checking Rd contents ... OK
* checking for unstated dependencies in examples ... OK
* checking contents of ‘data’ directory ... OK
* checking data for non-ASCII characters ... OK
* checking data for ASCII and uncompressed saves ... OK
* checking files in ‘vignettes’ ... OK
* checking examples ... OK
* checking for unstated dependencies in ‘tests’ ... OK
* checking tests ...
  Running ‘testthat.R’
 OK
* checking for unstated dependencies in vignettes ... OK
* checking package vignettes ... OK
* checking running R code from vignettes ... SKIPPED
* checking re-building of vignette outputs ... SKIPPED
* checking PDF version of manual ... OK
* DONE

Status: 2 WARNINGs, 3 NOTEs
See
  ‘/Users/biocbuild/bbs-3.21-bioc/meat/PDATK.Rcheck/00check.log’
for details.


Installation output

PDATK.Rcheck/00install.out

##############################################################################
##############################################################################
###
### Running command:
###
###   /Library/Frameworks/R.framework/Resources/bin/R CMD INSTALL PDATK
###
##############################################################################
##############################################################################


* installing to library ‘/Library/Frameworks/R.framework/Versions/4.5-arm64/Resources/library’
* installing *source* package ‘PDATK’ ...
** this is package ‘PDATK’ version ‘1.16.0’
** using staged installation
** R
** data
** byte-compile and prepare package for lazy loading
Warning: replacing previous import ‘survival::brier’ by ‘verification::brier’ when loading ‘PDATK’
Warning: replacing previous import ‘limma::logsumexp’ by ‘mclust::logsumexp’ when loading ‘genefu’
** help
*** installing help indices
** building package indices
** installing vignettes
** testing if installed package can be loaded from temporary location
Warning: replacing previous import ‘survival::brier’ by ‘verification::brier’ when loading ‘PDATK’
Warning: replacing previous import ‘limma::logsumexp’ by ‘mclust::logsumexp’ when loading ‘genefu’
** testing if installed package can be loaded from final location
Warning: replacing previous import ‘survival::brier’ by ‘verification::brier’ when loading ‘PDATK’
Warning: replacing previous import ‘limma::logsumexp’ by ‘mclust::logsumexp’ when loading ‘genefu’
** testing if installed package keeps a record of temporary installation path
* DONE (PDATK)

Tests output

PDATK.Rcheck/tests/testthat.Rout


R version 4.5.0 RC (2025-04-04 r88129) -- "How About a Twenty-Six"
Copyright (C) 2025 The R Foundation for Statistical Computing
Platform: aarch64-apple-darwin20

R is free software and comes with ABSOLUTELY NO WARRANTY.
You are welcome to redistribute it under certain conditions.
Type 'license()' or 'licence()' for distribution details.

R is a collaborative project with many contributors.
Type 'contributors()' for more information and
'citation()' on how to cite R or R packages in publications.

Type 'demo()' for some demos, 'help()' for on-line help, or
'help.start()' for an HTML browser interface to help.
Type 'q()' to quit R.

> library(testthat)
> library(PDATK)
Loading required package: SummarizedExperiment
Loading required package: MatrixGenerics
Loading required package: matrixStats

Attaching package: 'MatrixGenerics'

The following objects are masked from 'package:matrixStats':

    colAlls, colAnyNAs, colAnys, colAvgsPerRowSet, colCollapse,
    colCounts, colCummaxs, colCummins, colCumprods, colCumsums,
    colDiffs, colIQRDiffs, colIQRs, colLogSumExps, colMadDiffs,
    colMads, colMaxs, colMeans2, colMedians, colMins, colOrderStats,
    colProds, colQuantiles, colRanges, colRanks, colSdDiffs, colSds,
    colSums2, colTabulates, colVarDiffs, colVars, colWeightedMads,
    colWeightedMeans, colWeightedMedians, colWeightedSds,
    colWeightedVars, rowAlls, rowAnyNAs, rowAnys, rowAvgsPerColSet,
    rowCollapse, rowCounts, rowCummaxs, rowCummins, rowCumprods,
    rowCumsums, rowDiffs, rowIQRDiffs, rowIQRs, rowLogSumExps,
    rowMadDiffs, rowMads, rowMaxs, rowMeans2, rowMedians, rowMins,
    rowOrderStats, rowProds, rowQuantiles, rowRanges, rowRanks,
    rowSdDiffs, rowSds, rowSums2, rowTabulates, rowVarDiffs, rowVars,
    rowWeightedMads, rowWeightedMeans, rowWeightedMedians,
    rowWeightedSds, rowWeightedVars

Loading required package: GenomicRanges
Loading required package: stats4
Loading required package: BiocGenerics
Loading required package: generics

Attaching package: 'generics'

The following objects are masked from 'package:base':

    as.difftime, as.factor, as.ordered, intersect, is.element, setdiff,
    setequal, union


Attaching package: 'BiocGenerics'

The following objects are masked from 'package:stats':

    IQR, mad, sd, var, xtabs

The following objects are masked from 'package:base':

    Filter, Find, Map, Position, Reduce, anyDuplicated, aperm, append,
    as.data.frame, basename, cbind, colnames, dirname, do.call,
    duplicated, eval, evalq, get, grep, grepl, is.unsorted, lapply,
    mapply, match, mget, order, paste, pmax, pmax.int, pmin, pmin.int,
    rank, rbind, rownames, sapply, saveRDS, table, tapply, unique,
    unsplit, which.max, which.min

Loading required package: S4Vectors

Attaching package: 'S4Vectors'

The following object is masked from 'package:utils':

    findMatches

The following objects are masked from 'package:base':

    I, expand.grid, unname

Loading required package: IRanges
Loading required package: GenomeInfoDb
Loading required package: Biobase
Welcome to Bioconductor

    Vignettes contain introductory material; view with
    'browseVignettes()'. To cite Bioconductor, see
    'citation("Biobase")', and for packages 'citation("pkgname")'.


Attaching package: 'Biobase'

The following object is masked from 'package:MatrixGenerics':

    rowMedians

The following objects are masked from 'package:matrixStats':

    anyMissing, rowMedians

Warning messages:
1: replacing previous import 'survival::brier' by 'verification::brier' when loading 'PDATK' 
2: replacing previous import 'limma::logsumexp' by 'mclust::logsumexp' when loading 'genefu' 
> 
> test_check("PDATK")
[ FAIL 0 | WARN 2 | SKIP 0 | PASS 77 ]

[ FAIL 0 | WARN 2 | SKIP 0 | PASS 77 ]
> 
> proc.time()
   user  system elapsed 
 11.003   2.385  12.489 

Example timings

PDATK.Rcheck/PDATK-Ex.timings

nameusersystemelapsed
CSPC_MAE0.0020.0010.003
ClinicalModel-class0.0280.0010.029
ClinicalModel0.0220.0010.023
CohortList0.0100.0020.011
ConsensusMetaclusteringModel0.0040.0010.005
CoxModel0.0990.0020.102
GeneFuModel0.0320.0000.032
ModelComparison1.7520.0161.770
PCOSP0.0230.0040.027
RandomGeneAssignmentModel0.0260.0030.030
RandomLabelShufflingModel0.0240.0030.028
SurvivalExperiment0.0250.0030.029
SurvivalModel-class0.0130.0020.015
SurvivalModel0.0140.0020.015
assignColDataColumn0.0110.0010.012
assignSubtypes-CohortList-list-method0.1440.0090.154
assignSubtypes-SurvivalExperiment-data.frame-method0.0110.0020.013
assignSubtypes0.0130.0020.014
barPlotModelComparison-ClinicalModel-PCOSP_or_RLS_or_RGA-method0.2200.0040.224
barPlotModelComparison0.2240.0050.229
birnbaum0.0010.0010.002
chen0.0010.0010.001
cohortSubtypeDFs0.0010.0010.002
compareModels-ModelComparison-SurvivalModel-method0.2330.0040.238
compareModels-SurvivalModel-SurvivalModel-method0.2060.0040.211
compareModels0.2120.0050.217
dropNotCensored-CohortList-method0.1500.0020.152
dropNotCensored-SurvivalExperiment-method0.0150.0010.016
dropNotCensored0.0140.0010.015
existingClassifierData0.0010.0010.002
findCommonGenes-CohortList-method0.0110.0010.012
findCommonGenes0.0110.0010.011
findCommonSamples-CohortList-method0.0140.0010.015
findCommonSamples0.0140.0020.015
forestPlot-ModelComparison-method0.2300.0050.235
forestPlot-PCOSP_or_ClinicalModel-method0.0200.0020.022
forestPlot0.0420.0020.044
getModelSeed-SurvivalModel-method0.0030.0010.005
getModelSeed0.0030.0010.005
getTopFeatures-PCOSP-method0.0030.0020.005
getTopFeatures-SummarizedExperiment-method0.0420.0010.043
getTopFeatures0.0030.0010.004
haiderSigScores0.0010.0010.002
hasColDataColumns0.0040.0010.004
merge-SurvivalExperiment-SurvivalExperiment-method0.0400.0010.042
modelParams-set0.0050.0010.006
modelParams0.0060.0010.006
models-SurvivalModel-method0.0030.0010.004
models-set-SurvivalModel-SimpleList-method0.0040.0010.005
models-set0.0040.0010.006
models0.0030.0010.004
normalsMAE0.0010.0010.002
plotROC-PCOSP-method0.0930.0020.095
predictClasses-CohortList-ClinicalModel-method0.0840.0030.086
predictClasses-CohortList-PCOSP_or_RLS_or_RGA-method0.1150.0030.117
predictClasses-SurvivalExperiment-ClinicalModel-method0.0580.0030.061
predictClasses-SurvivalExperiment-PCOSP_or_RLS_or_RGA-method0.0400.0030.042
predictClasses0.0410.0030.044
rankFeatures-SummarizedExperiment-method0.0450.0010.046
rankFeatures0.0320.0010.033
removeColDataFactorColumns0.0070.0010.008
removeFactorColumns0.0010.0000.001
renameColDataColumns0.0070.0010.008
renameColumns0.0010.0000.001
sampleClinicalModel0.0020.0010.004
sampleCohortList0.0100.0020.012
sampleICGCmicro0.0030.0010.004
samplePCOSPmodel0.0030.0010.004
samplePCOSPpredList0.0130.0010.014
samplePCSIsurvExp0.0020.0010.004
sampleRGAmodel0.0030.0010.004
sampleRLSmodel0.0030.0010.004
sampleTrainedPCOSPmodel0.0030.0010.004
sampleValPCOSPmodel0.0140.0010.014
show-S4Model-method0.0170.0010.018
subset-CohortList-method0.0620.0010.064
trainData-set0.0040.0010.006
trainData0.0030.0010.004
trainModel-ClinicalModel-method0.0150.0010.016
trainModel-PCOSP-method0.4230.0030.427
trainModel-RGAModel-method0.4370.0050.442
trainModel-RLSModel-method0.3910.0010.393
trainModel0.4070.0020.408
validateModel-ClinicalModel-CohortList-method0.0720.0030.074
validateModel-ClinicalModel-SurvivalExperiment-method0.1930.0060.199
validateModel-GeneFuModel-CohortList-method0.3230.0110.334
validateModel-PCOSP_or_RLS_or_RGA-CohortList-method0.2830.0030.286
validateModel-PCOSP_or_RLS_or_RGA-SurvivalExperiment-method0.2830.0030.285
validateModel0.0320.0020.034
validationData-SurvivalModel-method0.0040.0010.004
validationData-set-SurvivalModel-CohortList-method0.0030.0010.004
validationData-set0.0030.0010.004
validationData0.0030.0010.004
validationStats-SurvivalModel-method0.0030.0010.004
validationStats-set-SurvivalModel-data.frame-method0.0040.0010.005
validationStats-set0.0030.0010.004
validationStats0.0030.0010.003