Back to Multiple platform build/check report for BioC 3.21: simplified long |
|
This page was generated on 2025-04-28 13:43 -0400 (Mon, 28 Apr 2025).
Hostname | OS | Arch (*) | R version | Installed pkgs |
---|---|---|---|---|
nebbiolo1 | Linux (Ubuntu 24.04.1 LTS) | x86_64 | 4.5.0 RC (2025-04-04 r88126) -- "How About a Twenty-Six" | 4832 |
palomino7 | Windows Server 2022 Datacenter | x64 | 4.5.0 RC (2025-04-04 r88126 ucrt) -- "How About a Twenty-Six" | 4574 |
Click on any hostname to see more info about the system (e.g. compilers) (*) as reported by 'uname -p', except on Windows and Mac OS X |
Package 105/2341 | Hostname | OS / Arch | INSTALL | BUILD | CHECK | BUILD BIN | ||||||||
ASpli 2.18.0 (landing page) Ariel Chernomoretz
| nebbiolo1 | Linux (Ubuntu 24.04.1 LTS) / x86_64 | OK | OK | WARNINGS | ![]() | ||||||||
palomino7 | Windows Server 2022 Datacenter / x64 | OK | OK | WARNINGS | OK | ![]() | ||||||||
To the developers/maintainers of the ASpli package: - Allow up to 24 hours (and sometimes 48 hours) for your latest push to git@git.bioconductor.org:packages/ASpli.git to reflect on this report. See Troubleshooting Build Report for more information. - Use the following Renviron settings to reproduce errors and warnings. - If 'R CMD check' started to fail recently on the Linux builder(s) over a missing dependency, add the missing dependency to 'Suggests:' in your DESCRIPTION file. See Renviron.bioc for more information. |
Package: ASpli |
Version: 2.18.0 |
Command: E:\biocbuild\bbs-3.21-bioc\R\bin\R.exe CMD check --no-multiarch --install=check:ASpli.install-out.txt --library=E:\biocbuild\bbs-3.21-bioc\R\library --no-vignettes --timings ASpli_2.18.0.tar.gz |
StartedAt: 2025-04-25 00:53:31 -0400 (Fri, 25 Apr 2025) |
EndedAt: 2025-04-25 01:13:44 -0400 (Fri, 25 Apr 2025) |
EllapsedTime: 1213.1 seconds |
RetCode: 0 |
Status: WARNINGS |
CheckDir: ASpli.Rcheck |
Warnings: 1 |
############################################################################## ############################################################################## ### ### Running command: ### ### E:\biocbuild\bbs-3.21-bioc\R\bin\R.exe CMD check --no-multiarch --install=check:ASpli.install-out.txt --library=E:\biocbuild\bbs-3.21-bioc\R\library --no-vignettes --timings ASpli_2.18.0.tar.gz ### ############################################################################## ############################################################################## * using log directory 'E:/biocbuild/bbs-3.21-bioc/meat/ASpli.Rcheck' * using R version 4.5.0 RC (2025-04-04 r88126 ucrt) * using platform: x86_64-w64-mingw32 * R was compiled by gcc.exe (GCC) 14.2.0 GNU Fortran (GCC) 14.2.0 * running under: Windows Server 2022 x64 (build 20348) * using session charset: UTF-8 * using option '--no-vignettes' * checking for file 'ASpli/DESCRIPTION' ... OK * checking extension type ... Package * this is package 'ASpli' version '2.18.0' * checking package namespace information ... OK * checking package dependencies ... OK * checking if this is a source package ... OK * checking if there is a namespace ... OK * checking for hidden files and directories ... OK * checking for portable file names ... OK * checking whether package 'ASpli' can be installed ... WARNING Found the following significant warnings: Warning: replacing previous import 'utils::findMatches' by 'S4Vectors::findMatches' when loading 'ASpli' See 'E:/biocbuild/bbs-3.21-bioc/meat/ASpli.Rcheck/00install.out' for details. * checking installed package size ... OK * checking package directory ... OK * checking 'build' directory ... OK * checking DESCRIPTION meta-information ... OK * checking top-level files ... OK * checking for left-over files ... OK * checking index information ... OK * checking package subdirectories ... OK * checking code files for non-ASCII characters ... OK * checking R files for syntax errors ... OK * checking whether the package can be loaded ... OK * checking whether the package can be loaded with stated dependencies ... OK * checking whether the package can be unloaded cleanly ... OK * checking whether the namespace can be loaded with stated dependencies ... OK * checking whether the namespace can be unloaded cleanly ... OK * checking dependencies in R code ... NOTE Namespace in Imports field not imported from: 'txdbmaker' All declared Imports should be used. * checking S3 generic/method consistency ... OK * checking replacement functions ... OK * checking foreign function calls ... OK * checking R code for possible problems ... OK * checking Rd files ... OK * checking Rd metadata ... OK * checking Rd cross-references ... NOTE Found the following Rd file(s) with Rd \link{} targets missing package anchors: DUreport.Rd: edgeR DUreport.norm.Rd: edgeR DUreport.offset.Rd: edgeR DUreportBinSplice-method.Rd: edgeR gbDUreport-method.Rd: edgeR jDUreport.Rd: edgeR junctionDUreport.Rd: edgeR Please provide package anchors for all Rd \link{} targets not in the package itself and the base packages. * checking for missing documentation entries ... OK * checking for code/documentation mismatches ... OK * checking Rd \usage sections ... OK * checking Rd contents ... OK * checking for unstated dependencies in examples ... OK * checking sizes of PDF files under 'inst/doc' ... OK * checking installed files from 'inst/doc' ... OK * checking files in 'vignettes' ... OK * checking examples ... OK Examples with CPU (user + system) or elapsed time > 5s user system elapsed ASpli-package 153.55 0.40 154.47 exportIntegratedSignals 80.28 0.27 84.05 integrateSignals 79.97 0.18 80.16 exportSplicingReports 79.41 0.28 84.34 splicingReport 78.72 0.22 78.99 jDUreport 78.75 0.17 79.08 jCounts-methods 78.71 0.11 78.92 gbDUreport-method 70.69 0.11 70.90 gbCounts 69.41 0.07 69.57 * checking for unstated dependencies in vignettes ... OK * checking package vignettes ... OK * checking running R code from vignettes ... SKIPPED * checking re-building of vignette outputs ... SKIPPED * checking PDF version of manual ... OK * DONE Status: 1 WARNING, 2 NOTEs See 'E:/biocbuild/bbs-3.21-bioc/meat/ASpli.Rcheck/00check.log' for details.
ASpli.Rcheck/00install.out
############################################################################## ############################################################################## ### ### Running command: ### ### E:\biocbuild\bbs-3.21-bioc\R\bin\R.exe CMD INSTALL ASpli ### ############################################################################## ############################################################################## * installing to library 'E:/biocbuild/bbs-3.21-bioc/R/library' * installing *source* package 'ASpli' ... ** this is package 'ASpli' version '2.18.0' ** using staged installation ** R ** inst ** byte-compile and prepare package for lazy loading Warning: replacing previous import 'utils::findMatches' by 'S4Vectors::findMatches' when loading 'ASpli' ** help *** installing help indices ** building package indices ** installing vignettes ** testing if installed package can be loaded from temporary location Warning: replacing previous import 'utils::findMatches' by 'S4Vectors::findMatches' when loading 'ASpli' ** testing if installed package can be loaded from final location Warning: replacing previous import 'utils::findMatches' by 'S4Vectors::findMatches' when loading 'ASpli' ** testing if installed package keeps a record of temporary installation path * DONE (ASpli)
ASpli.Rcheck/ASpli-Ex.timings
name | user | system | elapsed | |
ASpli-package | 153.55 | 0.40 | 154.47 | |
DUreport | 0 | 0 | 0 | |
DUreport.norm | 0 | 0 | 0 | |
DUreport.offset | 0 | 0 | 0 | |
DUreportBinSplice-method | 0 | 0 | 0 | |
acc_AS | 0 | 0 | 0 | |
acc_DU | 0 | 0 | 0 | |
acc_counts | 0 | 0 | 0 | |
acc_features | 0.17 | 0.00 | 0.17 | |
binGenome | 4.22 | 0.08 | 4.33 | |
containsJunctions-function | 0 | 0 | 0 | |
example_data | 0 | 0 | 0 | |
exportIntegratedSignals | 80.28 | 0.27 | 84.05 | |
exportSplicingReports | 79.41 | 0.28 | 84.34 | |
filterDU-method | 0 | 0 | 0 | |
filterSignals | 0 | 0 | 0 | |
gbCounts | 69.41 | 0.07 | 69.57 | |
gbDUreport-method | 70.69 | 0.11 | 70.90 | |
getConditions-function | 0 | 0 | 0 | |
integrateSignals | 79.97 | 0.18 | 80.16 | |
jCounts-methods | 78.71 | 0.11 | 78.92 | |
jDUreport | 78.75 | 0.17 | 79.08 | |
junctionDUreport | 0 | 0 | 0 | |
loadBAM | 0 | 0 | 0 | |
mergeBinDUAS-method | 0 | 0 | 0 | |
plotBins | 0 | 0 | 0 | |
plotGenomicRegions | 0 | 0 | 0 | |
rds | 0 | 0 | 0 | |
splicingReport | 78.72 | 0.22 | 78.99 | |
subset-methods | 0 | 0 | 0 | |