Back to Multiple platform build/check report for BioC 3.20: simplified long |
|
This page was generated on 2025-04-02 19:34 -0400 (Wed, 02 Apr 2025).
Hostname | OS | Arch (*) | R version | Installed pkgs |
---|---|---|---|---|
nebbiolo2 | Linux (Ubuntu 24.04.1 LTS) | x86_64 | 4.4.3 (2025-02-28) -- "Trophy Case" | 4764 |
palomino8 | Windows Server 2022 Datacenter | x64 | 4.4.3 (2025-02-28 ucrt) -- "Trophy Case" | 4495 |
merida1 | macOS 12.7.5 Monterey | x86_64 | 4.4.3 (2025-02-28) -- "Trophy Case" | 4522 |
kjohnson1 | macOS 13.6.6 Ventura | arm64 | 4.4.3 (2025-02-28) -- "Trophy Case" | 4449 |
taishan | Linux (openEuler 24.03 LTS) | aarch64 | 4.4.3 (2025-02-28) -- "Trophy Case" | 4426 |
Click on any hostname to see more info about the system (e.g. compilers) (*) as reported by 'uname -p', except on Windows and Mac OS X |
Package 1755/2289 | Hostname | OS / Arch | INSTALL | BUILD | CHECK | BUILD BIN | ||||||||
rifi 1.10.0 (landing page) Jens Georg
| nebbiolo2 | Linux (Ubuntu 24.04.1 LTS) / x86_64 | OK | OK | WARNINGS | ![]() | ||||||||
palomino8 | Windows Server 2022 Datacenter / x64 | ... NOT SUPPORTED ... | ||||||||||||
merida1 | macOS 12.7.5 Monterey / x86_64 | OK | OK | WARNINGS | OK | ![]() | ||||||||
kjohnson1 | macOS 13.6.6 Ventura / arm64 | OK | OK | WARNINGS | OK | ![]() | ||||||||
taishan | Linux (openEuler 24.03 LTS) / aarch64 | OK | TIMEOUT | skipped | ||||||||||
To the developers/maintainers of the rifi package: - Allow up to 24 hours (and sometimes 48 hours) for your latest push to git@git.bioconductor.org:packages/rifi.git to reflect on this report. See Troubleshooting Build Report for more information. - Use the following Renviron settings to reproduce errors and warnings. - If 'R CMD check' started to fail recently on the Linux builder(s) over a missing dependency, add the missing dependency to 'Suggests:' in your DESCRIPTION file. See Renviron.bioc for more information. |
Package: rifi |
Version: 1.10.0 |
Command: /Library/Frameworks/R.framework/Resources/bin/R CMD check --install=check:rifi.install-out.txt --library=/Library/Frameworks/R.framework/Resources/library --no-vignettes --timings rifi_1.10.0.tar.gz |
StartedAt: 2025-04-02 06:17:05 -0400 (Wed, 02 Apr 2025) |
EndedAt: 2025-04-02 06:27:05 -0400 (Wed, 02 Apr 2025) |
EllapsedTime: 599.9 seconds |
RetCode: 0 |
Status: WARNINGS |
CheckDir: rifi.Rcheck |
Warnings: 2 |
############################################################################## ############################################################################## ### ### Running command: ### ### /Library/Frameworks/R.framework/Resources/bin/R CMD check --install=check:rifi.install-out.txt --library=/Library/Frameworks/R.framework/Resources/library --no-vignettes --timings rifi_1.10.0.tar.gz ### ############################################################################## ############################################################################## * using log directory ‘/Users/biocbuild/bbs-3.20-bioc/meat/rifi.Rcheck’ * using R version 4.4.3 (2025-02-28) * using platform: aarch64-apple-darwin20 * R was compiled by Apple clang version 14.0.0 (clang-1400.0.29.202) GNU Fortran (GCC) 12.2.0 * running under: macOS Ventura 13.7.1 * using session charset: UTF-8 * using option ‘--no-vignettes’ * checking for file ‘rifi/DESCRIPTION’ ... OK * this is package ‘rifi’ version ‘1.10.0’ * package encoding: UTF-8 * checking package namespace information ... OK * checking package dependencies ... OK * checking if this is a source package ... OK * checking if there is a namespace ... OK * checking for hidden files and directories ... NOTE Found the following hidden files and directories: .BBSoptions R/.ipynb_checkpoints vignettes/.ipynb_checkpoints These were most likely included in error. See section ‘Package structure’ in the ‘Writing R Extensions’ manual. * checking for portable file names ... OK * checking for sufficient/correct file permissions ... OK * checking whether package ‘rifi’ can be installed ... WARNING Found the following significant warnings: Note: next used in wrong context: no loop is visible Warning: /Users/biocbuild/bbs-3.20-bioc/meat/rifi/man/apply_Ttest_delay.Rd:55: unexpected '}' Warning: /Users/biocbuild/bbs-3.20-bioc/meat/rifi/man/predict_ps_itss.Rd:57: unexpected '}' See ‘/Users/biocbuild/bbs-3.20-bioc/meat/rifi.Rcheck/00install.out’ for details. Information on the location(s) of code generating the ‘Note’s can be obtained by re-running with environment variable R_KEEP_PKG_SOURCE set to ‘yes’. * checking installed package size ... OK * checking package directory ... OK * checking ‘build’ directory ... OK * checking DESCRIPTION meta-information ... OK * checking top-level files ... OK * checking for left-over files ... OK * checking index information ... OK * checking package subdirectories ... OK * checking code files for non-ASCII characters ... OK * checking R files for syntax errors ... OK * checking whether the package can be loaded ... OK * checking whether the package can be loaded with stated dependencies ... OK * checking whether the package can be unloaded cleanly ... OK * checking whether the namespace can be loaded with stated dependencies ... OK * checking whether the namespace can be unloaded cleanly ... OK * checking dependencies in R code ... OK * checking S3 generic/method consistency ... OK * checking replacement functions ... OK * checking foreign function calls ... OK * checking R code for possible problems ... OK * checking Rd files ... WARNING prepare_Rd: ./man/apply_Ttest_delay.Rd:55: unexpected '}' prepare_Rd: ./man/predict_ps_itss.Rd:57: unexpected '}' * checking Rd metadata ... OK * checking Rd cross-references ... OK * checking for missing documentation entries ... OK * checking for code/documentation mismatches ... OK * checking Rd \usage sections ... OK * checking Rd contents ... OK * checking for unstated dependencies in examples ... OK * checking contents of ‘data’ directory ... OK * checking data for non-ASCII characters ... OK * checking data for ASCII and uncompressed saves ... OK * checking files in ‘vignettes’ ... OK * checking examples ... OK Examples with CPU (user + system) or elapsed time > 5s user system elapsed rifi_wrapper 105.676 37.883 129.129 rifi_penalties 48.086 28.612 73.929 nls2_fit 37.262 2.042 23.769 rifi_visualization 32.683 2.734 35.630 rifi_fit 23.429 0.491 24.054 make_pen 9.696 5.233 14.536 TI_fit 10.173 1.199 6.919 * checking for unstated dependencies in vignettes ... OK * checking package vignettes ... OK * checking running R code from vignettes ... SKIPPED * checking re-building of vignette outputs ... SKIPPED * checking PDF version of manual ... OK * DONE Status: 2 WARNINGs, 1 NOTE See ‘/Users/biocbuild/bbs-3.20-bioc/meat/rifi.Rcheck/00check.log’ for details.
rifi.Rcheck/00install.out
############################################################################## ############################################################################## ### ### Running command: ### ### /Library/Frameworks/R.framework/Resources/bin/R CMD INSTALL rifi ### ############################################################################## ############################################################################## * installing to library ‘/Library/Frameworks/R.framework/Versions/4.4-arm64/Resources/library’ * installing *source* package ‘rifi’ ... ** using staged installation ** R ** data ** inst ** byte-compile and prepare package for lazy loading Note: next used in wrong context: no loop is visible ** help Warning: /Users/biocbuild/bbs-3.20-bioc/meat/rifi/man/apply_Ttest_delay.Rd:55: unexpected '}' Warning: /Users/biocbuild/bbs-3.20-bioc/meat/rifi/man/predict_ps_itss.Rd:57: unexpected '}' *** installing help indices ** building package indices ** installing vignettes ** testing if installed package can be loaded from temporary location ** testing if installed package can be loaded from final location ** testing if installed package keeps a record of temporary installation path * DONE (rifi)
rifi.Rcheck/rifi-Ex.timings
name | user | system | elapsed | |
TI_fit | 10.173 | 1.199 | 6.919 | |
TUgether | 0.410 | 0.099 | 0.500 | |
apply_Ttest_delay | 0.108 | 0.024 | 0.132 | |
apply_ancova | 0.320 | 0.066 | 0.386 | |
apply_event_position | 0.091 | 0.009 | 0.100 | |
apply_manova | 0.571 | 0.042 | 0.614 | |
apply_t_test | 0.660 | 0.008 | 0.668 | |
apply_t_test_ti | 0.189 | 0.004 | 0.193 | |
check_input | 0.347 | 0.006 | 0.353 | |
dataframe_summary | 0.090 | 0.011 | 0.102 | |
dataframe_summary_TI | 0.047 | 0.005 | 0.052 | |
dataframe_summary_events | 0.847 | 0.039 | 0.889 | |
dataframe_summary_events_HL_int | 0.599 | 0.023 | 0.622 | |
dataframe_summary_events_ps_itss | 0.260 | 0.015 | 0.274 | |
dataframe_summary_events_velocity | 0.278 | 0.015 | 0.295 | |
event_dataframe | 0.691 | 0.025 | 0.719 | |
finding_PDD | 0.308 | 0.085 | 0.376 | |
finding_TI | 0.312 | 0.124 | 0.418 | |
fold_change | 2.729 | 0.130 | 2.860 | |
fragment_HL | 0.530 | 0.152 | 0.657 | |
fragment_TI | 0.400 | 0.118 | 0.517 | |
fragment_delay | 0.838 | 0.214 | 1.019 | |
fragment_inty | 0.547 | 0.193 | 0.716 | |
gff3_preprocess | 0.728 | 0.090 | 0.819 | |
make_df | 0.631 | 0.263 | 0.630 | |
make_pen | 9.696 | 5.233 | 14.536 | |
nls2_fit | 37.262 | 2.042 | 23.769 | |
predict_ps_itss | 0.254 | 0.031 | 0.287 | |
rifi_fit | 23.429 | 0.491 | 24.054 | |
rifi_fragmentation | 2.798 | 0.892 | 3.617 | |
rifi_penalties | 48.086 | 28.612 | 73.929 | |
rifi_preprocess | 1.622 | 0.581 | 1.881 | |
rifi_stats | 3.017 | 0.101 | 3.140 | |
rifi_summary | 1.932 | 0.040 | 1.985 | |
rifi_visualization | 32.683 | 2.734 | 35.630 | |
rifi_wrapper | 105.676 | 37.883 | 129.129 | |
segment_pos | 0.190 | 0.003 | 0.193 | |
viz_pen_obj | 0.014 | 0.009 | 0.022 | |