Back to Multiple platform build/check report for BioC 3.20:   simplified   long
AB[C]DEFGHIJKLMNOPQRSTUVWXYZ

This page was generated on 2025-04-02 19:31 -0400 (Wed, 02 Apr 2025).

HostnameOSArch (*)R versionInstalled pkgs
nebbiolo2Linux (Ubuntu 24.04.1 LTS)x86_644.4.3 (2025-02-28) -- "Trophy Case" 4764
palomino8Windows Server 2022 Datacenterx644.4.3 (2025-02-28 ucrt) -- "Trophy Case" 4495
merida1macOS 12.7.5 Montereyx86_644.4.3 (2025-02-28) -- "Trophy Case" 4522
kjohnson1macOS 13.6.6 Venturaarm644.4.3 (2025-02-28) -- "Trophy Case" 4449
taishanLinux (openEuler 24.03 LTS)aarch644.4.3 (2025-02-28) -- "Trophy Case" 4426
Click on any hostname to see more info about the system (e.g. compilers)      (*) as reported by 'uname -p', except on Windows and Mac OS X

Package 413/2289HostnameOS / ArchINSTALLBUILDCHECKBUILD BIN
coMET 1.38.0  (landing page)
Tiphaine Martin
Snapshot Date: 2025-03-31 13:00 -0400 (Mon, 31 Mar 2025)
git_url: https://git.bioconductor.org/packages/coMET
git_branch: RELEASE_3_20
git_last_commit: 59f6013
git_last_commit_date: 2024-10-29 11:16:09 -0400 (Tue, 29 Oct 2024)
nebbiolo2Linux (Ubuntu 24.04.1 LTS) / x86_64  OK    OK    ERROR  
palomino8Windows Server 2022 Datacenter / x64  OK    OK    ERROR    OK  
merida1macOS 12.7.5 Monterey / x86_64  OK    OK    WARNINGS    OK  UNNEEDED, same version is already published
kjohnson1macOS 13.6.6 Ventura / arm64  OK    OK    ERROR    OK  
taishanLinux (openEuler 24.03 LTS) / aarch64  OK    OK    ERROR  


CHECK results for coMET on merida1

To the developers/maintainers of the coMET package:
- Allow up to 24 hours (and sometimes 48 hours) for your latest push to git@git.bioconductor.org:packages/coMET.git to reflect on this report. See Troubleshooting Build Report for more information.
- Use the following Renviron settings to reproduce errors and warnings.
- If 'R CMD check' started to fail recently on the Linux builder(s) over a missing dependency, add the missing dependency to 'Suggests:' in your DESCRIPTION file. See Renviron.bioc for more information.

raw results


Summary

Package: coMET
Version: 1.38.0
Command: /Library/Frameworks/R.framework/Resources/bin/R CMD check --install=check:coMET.install-out.txt --library=/Library/Frameworks/R.framework/Resources/library --no-vignettes --timings coMET_1.38.0.tar.gz
StartedAt: 2025-04-01 01:05:03 -0400 (Tue, 01 Apr 2025)
EndedAt: 2025-04-01 01:22:18 -0400 (Tue, 01 Apr 2025)
EllapsedTime: 1034.3 seconds
RetCode: 0
Status:   WARNINGS  
CheckDir: coMET.Rcheck
Warnings: 1

Command output

##############################################################################
##############################################################################
###
### Running command:
###
###   /Library/Frameworks/R.framework/Resources/bin/R CMD check --install=check:coMET.install-out.txt --library=/Library/Frameworks/R.framework/Resources/library --no-vignettes --timings coMET_1.38.0.tar.gz
###
##############################################################################
##############################################################################


* using log directory ‘/Users/biocbuild/bbs-3.20-bioc/meat/coMET.Rcheck’
* using R version 4.4.3 (2025-02-28)
* using platform: x86_64-apple-darwin20
* R was compiled by
    Apple clang version 14.0.0 (clang-1400.0.29.202)
    GNU Fortran (GCC) 12.2.0
* running under: macOS Monterey 12.7.6
* using session charset: UTF-8
* using option ‘--no-vignettes’
* checking for file ‘coMET/DESCRIPTION’ ... OK
* checking extension type ... Package
* this is package ‘coMET’ version ‘1.38.0’
* checking package namespace information ... OK
* checking package dependencies ... OK
* checking if this is a source package ... OK
* checking if there is a namespace ... OK
* checking for hidden files and directories ... OK
* checking for portable file names ... OK
* checking for sufficient/correct file permissions ... OK
* checking whether package ‘coMET’ can be installed ... WARNING
Found the following significant warnings:
  Warning: replacing previous import 'utils::findMatches' by 'S4Vectors::findMatches' when loading 'coMET'
See ‘/Users/biocbuild/bbs-3.20-bioc/meat/coMET.Rcheck/00install.out’ for details.
* checking installed package size ... NOTE
  installed size is 18.9Mb
  sub-directories of 1Mb or more:
    data      7.6Mb
    extdata  10.7Mb
* checking package directory ... OK
* checking ‘build’ directory ... OK
* checking DESCRIPTION meta-information ... OK
* checking top-level files ... NOTE
File
  LICENSE
is not mentioned in the DESCRIPTION file.
* checking for left-over files ... OK
* checking index information ... OK
* checking package subdirectories ... OK
* checking code files for non-ASCII characters ... OK
* checking R files for syntax errors ... OK
* checking whether the package can be loaded ... OK
* checking whether the package can be loaded with stated dependencies ... OK
* checking whether the package can be unloaded cleanly ... OK
* checking whether the namespace can be loaded with stated dependencies ... OK
* checking whether the namespace can be unloaded cleanly ... OK
* checking dependencies in R code ... OK
* checking S3 generic/method consistency ... OK
* checking replacement functions ... OK
* checking foreign function calls ... OK
* checking R code for possible problems ... NOTE
draw.plot.annotation : <anonymous>: no visible global function
  definition for 'ggplotGrob'
draw.plot.annotation: no visible global function definition for
  'viewTracks'
draw.plot.annotation: no visible global function definition for
  'trackList'
eQTL: no visible binding for global variable 'chromosome_stop'
eQTL: no visible binding for global variable 'chromosome_start'
eQTL: no visible binding for global variable 'chromosome_name'
eQTL_GTEx: no visible binding for global variable 'snp_pos'
eQTL_GTEx: no visible binding for global variable 'snp_chrom'
eQTL_GTEx: no visible binding for global variable 'gene_start'
eQTL_GTEx: no visible binding for global variable 'gene_stop'
eQTL_GTEx: no visible binding for global variable 'gene_chr'
geneExpression_GTEx: no visible global function definition for 'as'
metQTL: no visible binding for global variable 'chromosome_stop'
metQTL: no visible binding for global variable 'chromosome_start'
metQTL: no visible binding for global variable 'chromosome_name'
pizza: no visible global function definition for 'par'
pizza: no visible global function definition for 'plot.new'
pizza: no visible global function definition for 'plot.window'
pizza: no visible global function definition for 'polygon'
pizza: no visible global function definition for 'lines'
pizza: no visible global function definition for 'text'
psiQTL_GTEx: no visible binding for global variable 'pos_snp'
psiQTL_GTEx: no visible binding for global variable 'chr_snp'
psiQTL_GTEx: no visible binding for global variable 'pos_middle_exon'
psiQTL_GTEx: no visible binding for global variable 'chr_exon'
Undefined global functions or variables:
  as chr_exon chr_snp chromosome_name chromosome_start chromosome_stop
  gene_chr gene_start gene_stop ggplotGrob lines par plot.new
  plot.window polygon pos_middle_exon pos_snp snp_chrom snp_pos text
  trackList viewTracks
Consider adding
  importFrom("graphics", "lines", "par", "plot.new", "plot.window",
             "polygon", "text")
  importFrom("methods", "as")
to your NAMESPACE file (and ensure that your DESCRIPTION Imports field
contains 'methods').
* checking Rd files ... NOTE
checkRd: (-1) ChIPTF_ENCODE.Rd:36: Escaped LaTeX specials: \#
* checking Rd metadata ... OK
* checking Rd cross-references ... OK
* checking for missing documentation entries ... OK
* checking for code/documentation mismatches ... OK
* checking Rd \usage sections ... NOTE
Objects in \usage without \alias in Rd file 'check.configVar.cometlist.Rd':
  ‘check.configVar.cometlist’

Functions with \usage entries need to have the appropriate \alias
entries, and all their arguments documented.
The \usage entries must correspond to syntactically valid R code.
See chapter ‘Writing R documentation files’ in the ‘Writing R
Extensions’ manual.
* checking Rd contents ... OK
* checking for unstated dependencies in examples ... OK
* checking contents of ‘data’ directory ... OK
* checking data for non-ASCII characters ... OK
* checking data for ASCII and uncompressed saves ... OK
* checking sizes of PDF files under ‘inst/doc’ ... OK
* checking files in ‘vignettes’ ... OK
* checking examples ... OK
Examples with CPU (user + system) or elapsed time > 5s
                       user system elapsed
comet.web            14.075  0.345  20.462
coMET-package        13.301  0.370  20.034
chromatinHMMAll_UCSC 11.516  0.047  12.019
HistoneAll_UCSC      11.089  0.042  11.563
imprintedGenes_GTEx   9.345  0.101   9.758
comet                 7.370  0.155   7.850
* checking for unstated dependencies in ‘tests’ ... OK
* checking tests ...
  Running ‘runTests.R’
 OK
* checking for unstated dependencies in vignettes ... OK
* checking package vignettes ... OK
* checking running R code from vignettes ... SKIPPED
* checking re-building of vignette outputs ... SKIPPED
* checking PDF version of manual ... OK
* DONE

Status: 1 WARNING, 5 NOTEs
See
  ‘/Users/biocbuild/bbs-3.20-bioc/meat/coMET.Rcheck/00check.log’
for details.


Installation output

coMET.Rcheck/00install.out

##############################################################################
##############################################################################
###
### Running command:
###
###   /Library/Frameworks/R.framework/Resources/bin/R CMD INSTALL coMET
###
##############################################################################
##############################################################################


* installing to library ‘/Library/Frameworks/R.framework/Versions/4.4-x86_64/Resources/library’
* installing *source* package ‘coMET’ ...
** using staged installation
** R
** data
** inst
** byte-compile and prepare package for lazy loading
Warning: replacing previous import 'utils::findMatches' by 'S4Vectors::findMatches' when loading 'coMET'
** help
*** installing help indices
** building package indices
** installing vignettes
** testing if installed package can be loaded from temporary location
Warning: replacing previous import 'utils::findMatches' by 'S4Vectors::findMatches' when loading 'coMET'
** testing if installed package can be loaded from final location
Warning: replacing previous import 'utils::findMatches' by 'S4Vectors::findMatches' when loading 'coMET'
** testing if installed package keeps a record of temporary installation path
* DONE (coMET)

Tests output

coMET.Rcheck/tests/runTests.Rout


R version 4.4.3 (2025-02-28) -- "Trophy Case"
Copyright (C) 2025 The R Foundation for Statistical Computing
Platform: x86_64-apple-darwin20

R is free software and comes with ABSOLUTELY NO WARRANTY.
You are welcome to redistribute it under certain conditions.
Type 'license()' or 'licence()' for distribution details.

R is a collaborative project with many contributors.
Type 'contributors()' for more information and
'citation()' on how to cite R or R packages in publications.

Type 'demo()' for some demos, 'help()' for on-line help, or
'help.start()' for an HTML browser interface to help.
Type 'q()' to quit R.

> require("coMET") || stop("unable to load Package:coMET")
Loading required package: coMET
Loading required package: grid
Loading required package: biomaRt
Loading required package: Gviz
Loading required package: S4Vectors
Loading required package: stats4
Loading required package: BiocGenerics

Attaching package: 'BiocGenerics'

The following objects are masked from 'package:stats':

    IQR, mad, sd, var, xtabs

The following objects are masked from 'package:base':

    Filter, Find, Map, Position, Reduce, anyDuplicated, aperm, append,
    as.data.frame, basename, cbind, colnames, dirname, do.call,
    duplicated, eval, evalq, get, grep, grepl, intersect, is.unsorted,
    lapply, mapply, match, mget, order, paste, pmax, pmax.int, pmin,
    pmin.int, rank, rbind, rownames, sapply, saveRDS, setdiff, table,
    tapply, union, unique, unsplit, which.max, which.min


Attaching package: 'S4Vectors'

The following object is masked from 'package:utils':

    findMatches

The following objects are masked from 'package:base':

    I, expand.grid, unname

Loading required package: IRanges
Loading required package: GenomicRanges
Loading required package: GenomeInfoDb
Loading required package: psych

Attaching package: 'psych'

The following object is masked from 'package:GenomicRanges':

    distance

The following objects are masked from 'package:IRanges':

    distance, reflect

[1] TRUE
Warning message:
replacing previous import 'utils::findMatches' by 'S4Vectors::findMatches' when loading 'coMET' 
> BiocGenerics:::testPackage("coMET")


RUNIT TEST PROTOCOL -- Tue Apr  1 01:21:57 2025 
*********************************************** 
Number of test functions: 1 
Number of errors: 0 
Number of failures: 0 

 
1 Test Suite : 
coMET RUnit Tests - 1 test function, 0 errors, 0 failures
Number of test functions: 1 
Number of errors: 0 
Number of failures: 0 
> 
> proc.time()
   user  system elapsed 
 30.828   1.669  34.665 

Example timings

coMET.Rcheck/coMET-Ex.timings

nameusersystemelapsed
COSMIC_UCSC3.5290.2083.902
ChIPTF_ENCODE1.9710.0512.107
ClinVarCnv_UCSC1.0630.0341.128
ClinVarMain_UCSC1.0900.0141.158
CoreillCNV_UCSC1.1350.0171.241
DNAse_UCSC0.0000.0010.001
DNaseI_FANTOM1.5170.0261.616
DNaseI_RoadMap0.4460.0170.542
GAD_UCSC1.1550.0181.218
GWAScatalog_UCSC0.8570.0120.895
GeneReviews_UCSC1.4160.0151.500
HiCdata2matrix0.0520.0090.063
HistoneAll_UCSC11.089 0.04211.563
HistoneOne_UCSC0.9420.0100.992
ISCA_UCSC1.1330.0171.192
TFBS_FANTOM1.1880.0151.252
bindingMotifsBiomart_ENSEMBL0.3540.0330.401
chrUCSC2ENSEMBL0.0000.0000.001
chromHMM_RoadMap1.7370.0381.904
chromatinHMMAll_UCSC11.516 0.04712.019
chromatinHMMOne_UCSC1.1500.0111.199
coMET-package13.301 0.37020.034
col2HSV0.0000.0010.002
comet7.3700.1557.850
comet.list2.0350.0262.219
comet.web14.075 0.34520.462
complementary0.0510.0030.055
cpgIslands_UCSC0.3580.0110.380
dgfootprints_RoadMap1.8650.0281.966
eQTL3.5510.0443.753
eQTL_GTEx3.3450.0343.515
gcContent_UCSC1.9090.0201.995
genesName_ENSEMBL0.0050.0050.010
genes_ENSEMBL2.0220.0162.130
imprintedGenes_GTEx9.3450.1019.758
interestGenes_ENSEMBL1.8010.0101.886
interestTranscript_ENSEMBL2.0390.0122.132
knownGenes_UCSC2.3760.0182.485
metQTL3.3020.0463.464
miRNATargetRegionsBiomart_ENSEMBL0.1170.0110.136
otherRegulatoryRegionsBiomart_ENSEMBL0.2400.0210.269
pizza0.0150.0030.018
psiQTL_GTEx2.8530.0313.014
refGenes_UCSC2.2850.0182.394
regulationBiomart_ENSEMBL0.9120.0140.954
regulatoryEvidenceBiomart_ENSEMBL0.3460.0330.396
regulatoryFeaturesBiomart_ENSEMBL0.3470.0310.392
regulatorySegmentsBiomart_ENSEMBL0.3410.0320.390
repeatMasker_UCSC1.3450.0151.423
segmentalDups_UCSC1.0490.0141.106
setColors0.0010.0010.002
snpBiomart_ENSEMBL1.2140.0151.283
snpLocations_UCSC3.0840.0203.256
structureBiomart_ENSEMBL1.1070.0141.173
transcript_ENSEMBL3.4260.0223.589
xenorefGenes_UCSC1.6550.0151.739