Back to Multiple platform build/check report for BioC 3.20:   simplified   long
ABC[D]EFGHIJKLMNOPQRSTUVWXYZ

This page was generated on 2025-04-02 19:35 -0400 (Wed, 02 Apr 2025).

HostnameOSArch (*)R versionInstalled pkgs
nebbiolo2Linux (Ubuntu 24.04.1 LTS)x86_644.4.3 (2025-02-28) -- "Trophy Case" 4764
palomino8Windows Server 2022 Datacenterx644.4.3 (2025-02-28 ucrt) -- "Trophy Case" 4495
merida1macOS 12.7.5 Montereyx86_644.4.3 (2025-02-28) -- "Trophy Case" 4522
kjohnson1macOS 13.6.6 Venturaarm644.4.3 (2025-02-28) -- "Trophy Case" 4449
taishanLinux (openEuler 24.03 LTS)aarch644.4.3 (2025-02-28) -- "Trophy Case" 4426
Click on any hostname to see more info about the system (e.g. compilers)      (*) as reported by 'uname -p', except on Windows and Mac OS X

Package 545/2289HostnameOS / ArchINSTALLBUILDCHECKBUILD BIN
DEP 1.28.0  (landing page)
Arne Smits
Snapshot Date: 2025-03-31 13:00 -0400 (Mon, 31 Mar 2025)
git_url: https://git.bioconductor.org/packages/DEP
git_branch: RELEASE_3_20
git_last_commit: 609a72c
git_last_commit_date: 2024-10-29 10:21:24 -0400 (Tue, 29 Oct 2024)
nebbiolo2Linux (Ubuntu 24.04.1 LTS) / x86_64  OK    OK    WARNINGS  UNNEEDED, same version is already published
palomino8Windows Server 2022 Datacenter / x64  OK    OK    WARNINGS    OK  UNNEEDED, same version is already published
merida1macOS 12.7.5 Monterey / x86_64  OK    OK    WARNINGS    OK  UNNEEDED, same version is already published
kjohnson1macOS 13.6.6 Ventura / arm64  OK    OK    WARNINGS    OK  UNNEEDED, same version is already published
taishanLinux (openEuler 24.03 LTS) / aarch64  OK    OK    WARNINGS  


CHECK results for DEP on taishan

To the developers/maintainers of the DEP package:
- Allow up to 24 hours (and sometimes 48 hours) for your latest push to git@git.bioconductor.org:packages/DEP.git to reflect on this report. See Troubleshooting Build Report for more information.
- Use the following Renviron settings to reproduce errors and warnings.
- If 'R CMD check' started to fail recently on the Linux builder(s) over a missing dependency, add the missing dependency to 'Suggests:' in your DESCRIPTION file. See Renviron.bioc for more information.
- See Martin Grigorov's blog post for how to debug Linux ARM64 related issues on a x86_64 host.

raw results


Summary

Package: DEP
Version: 1.28.0
Command: /home/biocbuild/R/R/bin/R CMD check --install=check:DEP.install-out.txt --library=/home/biocbuild/R/R/site-library --no-vignettes --timings DEP_1.28.0.tar.gz
StartedAt: 2025-04-01 05:48:59 -0000 (Tue, 01 Apr 2025)
EndedAt: 2025-04-01 05:56:56 -0000 (Tue, 01 Apr 2025)
EllapsedTime: 477.6 seconds
RetCode: 0
Status:   WARNINGS  
CheckDir: DEP.Rcheck
Warnings: 1

Command output

##############################################################################
##############################################################################
###
### Running command:
###
###   /home/biocbuild/R/R/bin/R CMD check --install=check:DEP.install-out.txt --library=/home/biocbuild/R/R/site-library --no-vignettes --timings DEP_1.28.0.tar.gz
###
##############################################################################
##############################################################################


* using log directory ‘/home/biocbuild/bbs-3.20-bioc/meat/DEP.Rcheck’
* using R version 4.4.3 (2025-02-28)
* using platform: aarch64-unknown-linux-gnu
* R was compiled by
    aarch64-unknown-linux-gnu-gcc (GCC) 14.2.0
    GNU Fortran (GCC) 14.2.0
* running under: openEuler 24.03 (LTS)
* using session charset: UTF-8
* using option ‘--no-vignettes’
* checking for file ‘DEP/DESCRIPTION’ ... OK
* this is package ‘DEP’ version ‘1.28.0’
* package encoding: UTF-8
* checking package namespace information ... OK
* checking package dependencies ... OK
* checking if this is a source package ... OK
* checking if there is a namespace ... OK
* checking for hidden files and directories ... OK
* checking for portable file names ... OK
* checking for sufficient/correct file permissions ... OK
* checking whether package ‘DEP’ can be installed ... OK
* checking installed package size ... OK
* checking package directory ... OK
* checking ‘build’ directory ... OK
* checking DESCRIPTION meta-information ... OK
* checking top-level files ... OK
* checking for left-over files ... OK
* checking index information ... OK
* checking package subdirectories ... OK
* checking code files for non-ASCII characters ... OK
* checking R files for syntax errors ... OK
* checking whether the package can be loaded ... OK
* checking whether the package can be loaded with stated dependencies ... OK
* checking whether the package can be unloaded cleanly ... OK
* checking whether the namespace can be loaded with stated dependencies ... OK
* checking whether the namespace can be unloaded cleanly ... OK
* checking loading without being on the library search path ... OK
* checking whether startup messages can be suppressed ... OK
* checking dependencies in R code ... OK
* checking S3 generic/method consistency ... OK
* checking replacement functions ... OK
* checking foreign function calls ... OK
* checking R code for possible problems ... OK
* checking Rd files ... OK
* checking Rd metadata ... OK
* checking Rd cross-references ... WARNING
Missing link or links in Rd file 'LFQ.Rd':
  ‘[MSnbase:impute-methods]{impute}’

Missing link or links in Rd file 'TMT.Rd':
  ‘[MSnbase:impute-methods]{impute}’

Missing link or links in Rd file 'impute.Rd':
  ‘[MSnbase:impute-methods]{impute}’

Missing link or links in Rd file 'process.Rd':
  ‘[MSnbase:impute-methods]{impute}’

See section 'Cross-references' in the 'Writing R Extensions' manual.
* checking for missing documentation entries ... OK
* checking for code/documentation mismatches ... OK
* checking Rd \usage sections ... OK
* checking Rd contents ... OK
* checking for unstated dependencies in examples ... OK
* checking contents of ‘data’ directory ... OK
* checking data for non-ASCII characters ... OK
* checking LazyData ... OK
* checking data for ASCII and uncompressed saves ... OK
* checking R/sysdata.rda ... OK
* checking files in ‘vignettes’ ... OK
* checking examples ... OK
Examples with CPU (user + system) or elapsed time > 5s
               user system elapsed
impute       18.692  0.156  18.889
plot_dist     5.087  0.008   5.106
plot_volcano  4.988  0.024   5.026
* checking for unstated dependencies in ‘tests’ ... OK
* checking tests ...
  Running ‘testthat.R’
 OK
* checking for unstated dependencies in vignettes ... OK
* checking package vignettes ... OK
* checking running R code from vignettes ... SKIPPED
* checking re-building of vignette outputs ... SKIPPED
* checking PDF version of manual ... OK
* DONE

Status: 1 WARNING
See
  ‘/home/biocbuild/bbs-3.20-bioc/meat/DEP.Rcheck/00check.log’
for details.


Installation output

DEP.Rcheck/00install.out

##############################################################################
##############################################################################
###
### Running command:
###
###   /home/biocbuild/R/R/bin/R CMD INSTALL DEP
###
##############################################################################
##############################################################################


* installing to library ‘/home/biocbuild/R/R-4.4.3/site-library’
* installing *source* package ‘DEP’ ...
** using staged installation
** R
** data
*** moving datasets to lazyload DB
** inst
** byte-compile and prepare package for lazy loading
** help
*** installing help indices
** building package indices
** installing vignettes
** testing if installed package can be loaded from temporary location
** testing if installed package can be loaded from final location
** testing if installed package keeps a record of temporary installation path
* DONE (DEP)

Tests output

DEP.Rcheck/tests/testthat.Rout


R version 4.4.3 (2025-02-28) -- "Trophy Case"
Copyright (C) 2025 The R Foundation for Statistical Computing
Platform: aarch64-unknown-linux-gnu

R is free software and comes with ABSOLUTELY NO WARRANTY.
You are welcome to redistribute it under certain conditions.
Type 'license()' or 'licence()' for distribution details.

R is a collaborative project with many contributors.
Type 'contributors()' for more information and
'citation()' on how to cite R or R packages in publications.

Type 'demo()' for some demos, 'help()' for on-line help, or
'help.start()' for an HTML browser interface to help.
Type 'q()' to quit R.

> library(testthat)
> library(DEP)
> 
> test_check("DEP")
[ FAIL 0 | WARN 15 | SKIP 0 | PASS 333 ]

[ FAIL 0 | WARN 15 | SKIP 0 | PASS 333 ]
> 
> proc.time()
   user  system elapsed 
 67.617   2.807  71.809 

Example timings

DEP.Rcheck/DEP-Ex.timings

nameusersystemelapsed
LFQ2.4810.0282.518
TMT0.0000.0000.001
add_rejections0.9550.0120.969
analyze_dep2.6840.0442.734
filter_missval0.5890.0040.594
filter_proteins0.3710.0000.372
get_df_long1.0060.0041.012
get_df_wide0.9790.0000.981
get_prefix0.0030.0000.002
get_results1.9730.0562.033
get_suffix0.0000.0010.001
import_IsobarQuant000
import_MaxQuant0.0680.0010.069
impute18.692 0.15618.889
make_se0.0540.0000.053
make_se_parse0.0800.0200.101
make_unique0.0240.0000.025
manual_impute0.8360.0200.857
meanSdPlot0.7260.0680.827
normalize_vsn0.4560.0160.473
plot_all2.2570.0242.287
plot_cond1.4130.0081.433
plot_cond_freq1.1690.0001.172
plot_cond_overlap1.2080.0121.223
plot_cor1.6290.0281.661
plot_coverage0.5770.0040.582
plot_detect0.9600.0000.962
plot_dist5.0870.0085.106
plot_frequency0.5380.0080.548
plot_gsea0.8850.0000.886
plot_heatmap3.5400.0123.561
plot_imputation1.3480.0081.359
plot_missval2.1310.0002.138
plot_normalization1.8710.0281.904
plot_numbers0.5960.0040.602
plot_p_hist1.6800.0041.689
plot_pca1.6080.0041.617
plot_single2.1160.0082.130
plot_volcano4.9880.0245.026
process1.8850.0121.901
report000
run_app000
se2msn0.1620.0000.186
test_diff1.1450.0071.156
test_gsea0.9160.0000.919
theme_DEP10.5350.0000.536
theme_DEP20.6030.0000.605