Back to Multiple platform build/check report for BioC 3.20:   simplified   long
A[B]CDEFGHIJKLMNOPQRSTUVWXYZ

This page was generated on 2025-04-02 19:31 -0400 (Wed, 02 Apr 2025).

HostnameOSArch (*)R versionInstalled pkgs
nebbiolo2Linux (Ubuntu 24.04.1 LTS)x86_644.4.3 (2025-02-28) -- "Trophy Case" 4764
palomino8Windows Server 2022 Datacenterx644.4.3 (2025-02-28 ucrt) -- "Trophy Case" 4495
merida1macOS 12.7.5 Montereyx86_644.4.3 (2025-02-28) -- "Trophy Case" 4522
kjohnson1macOS 13.6.6 Venturaarm644.4.3 (2025-02-28) -- "Trophy Case" 4449
taishanLinux (openEuler 24.03 LTS)aarch644.4.3 (2025-02-28) -- "Trophy Case" 4426
Click on any hostname to see more info about the system (e.g. compilers)      (*) as reported by 'uname -p', except on Windows and Mac OS X

Package 220/2289HostnameOS / ArchINSTALLBUILDCHECKBUILD BIN
Biostrings 2.74.1  (landing page)
Hervé Pagès
Snapshot Date: 2025-03-31 13:00 -0400 (Mon, 31 Mar 2025)
git_url: https://git.bioconductor.org/packages/Biostrings
git_branch: RELEASE_3_20
git_last_commit: b5de574
git_last_commit_date: 2024-12-14 01:58:11 -0400 (Sat, 14 Dec 2024)
nebbiolo2Linux (Ubuntu 24.04.1 LTS) / x86_64  OK    OK    WARNINGS  UNNEEDED, same version is already published
palomino8Windows Server 2022 Datacenter / x64  OK    OK    WARNINGS    OK  UNNEEDED, same version is already published
merida1macOS 12.7.5 Monterey / x86_64  OK    OK    WARNINGS    OK  UNNEEDED, same version is already published
kjohnson1macOS 13.6.6 Ventura / arm64  OK    OK    WARNINGS    OK  UNNEEDED, same version is already published
taishanLinux (openEuler 24.03 LTS) / aarch64  OK    OK    WARNINGS  


CHECK results for Biostrings on merida1

To the developers/maintainers of the Biostrings package:
- Allow up to 24 hours (and sometimes 48 hours) for your latest push to git@git.bioconductor.org:packages/Biostrings.git to reflect on this report. See Troubleshooting Build Report for more information.
- Use the following Renviron settings to reproduce errors and warnings.
- If 'R CMD check' started to fail recently on the Linux builder(s) over a missing dependency, add the missing dependency to 'Suggests:' in your DESCRIPTION file. See Renviron.bioc for more information.

raw results


Summary

Package: Biostrings
Version: 2.74.1
Command: /Library/Frameworks/R.framework/Resources/bin/R CMD check --install=check:Biostrings.install-out.txt --library=/Library/Frameworks/R.framework/Resources/library --no-vignettes --timings Biostrings_2.74.1.tar.gz
StartedAt: 2025-04-01 00:00:33 -0400 (Tue, 01 Apr 2025)
EndedAt: 2025-04-01 00:16:22 -0400 (Tue, 01 Apr 2025)
EllapsedTime: 949.1 seconds
RetCode: 0
Status:   WARNINGS  
CheckDir: Biostrings.Rcheck
Warnings: 1

Command output

##############################################################################
##############################################################################
###
### Running command:
###
###   /Library/Frameworks/R.framework/Resources/bin/R CMD check --install=check:Biostrings.install-out.txt --library=/Library/Frameworks/R.framework/Resources/library --no-vignettes --timings Biostrings_2.74.1.tar.gz
###
##############################################################################
##############################################################################


* using log directory ‘/Users/biocbuild/bbs-3.20-bioc/meat/Biostrings.Rcheck’
* using R version 4.4.3 (2025-02-28)
* using platform: x86_64-apple-darwin20
* R was compiled by
    Apple clang version 14.0.0 (clang-1400.0.29.202)
    GNU Fortran (GCC) 12.2.0
* running under: macOS Monterey 12.7.6
* using session charset: UTF-8
* using option ‘--no-vignettes’
* checking for file ‘Biostrings/DESCRIPTION’ ... OK
* this is package ‘Biostrings’ version ‘2.74.1’
* package encoding: UTF-8
* checking package namespace information ... OK
* checking package dependencies ... OK
* checking if this is a source package ... OK
* checking if there is a namespace ... OK
* checking for hidden files and directories ... OK
* checking for portable file names ... OK
* checking for sufficient/correct file permissions ... OK
* checking whether package ‘Biostrings’ can be installed ... OK
* used C compiler: ‘Apple clang version 14.0.0 (clang-1400.0.29.202)’
* used SDK: ‘MacOSX11.3.sdk’
* checking installed package size ... NOTE
  installed size is 14.2Mb
  sub-directories of 1Mb or more:
    R         2.0Mb
    extdata  11.1Mb
* checking package directory ... OK
* checking ‘build’ directory ... OK
* checking DESCRIPTION meta-information ... OK
* checking top-level files ... OK
* checking for left-over files ... OK
* checking index information ... OK
* checking package subdirectories ... OK
* checking code files for non-ASCII characters ... OK
* checking R files for syntax errors ... OK
* checking whether the package can be loaded ... OK
* checking whether the package can be loaded with stated dependencies ... OK
* checking whether the package can be unloaded cleanly ... OK
* checking whether the namespace can be loaded with stated dependencies ... OK
* checking whether the namespace can be unloaded cleanly ... OK
* checking whether startup messages can be suppressed ... OK
* checking dependencies in R code ... OK
* checking S3 generic/method consistency ... OK
* checking replacement functions ... OK
* checking foreign function calls ... OK
* checking R code for possible problems ... OK
* checking Rd files ... OK
* checking Rd metadata ... OK
* checking Rd cross-references ... OK
* checking for missing documentation entries ... WARNING
Undocumented code objects:
  ‘strsplit’ ‘twoWayAlphabetFrequency’
Undocumented S4 methods:
  generic 'hasOnlyBaseLetters' and siglist 'AAString'
  generic 'hasOnlyBaseLetters' and siglist 'AAStringSet'
  generic 'match' and siglist 'Vector,XStringSet'
  generic 'match' and siglist 'XStringSet,Vector'
  generic 'match' and siglist 'XStringSet,vector'
  generic 'match' and siglist 'vector,XStringSet'
  generic 'parallel_slot_names' and siglist 'ByPos_MIndex'
  generic 'parallel_slot_names' and siglist 'MIndex'
  generic 'pcompare' and siglist 'Vector,XStringSet'
  generic 'pcompare' and siglist 'XStringSet,Vector'
  generic 'pcompare' and siglist 'XStringSet,vector'
  generic 'pcompare' and siglist 'vector,XStringSet'
  generic 'relistToClass' and siglist 'XString'
  generic 'strsplit' and siglist 'XStringSet'
  generic 'twoWayAlphabetFrequency' and siglist 'XString,XString'
  generic 'twoWayAlphabetFrequency' and siglist 'XString,XStringSet'
  generic 'twoWayAlphabetFrequency' and siglist 'XStringSet,XString'
  generic 'twoWayAlphabetFrequency' and siglist 'XStringSet,XStringSet'
  generic 'unstrsplit' and siglist 'XStringSet'
  generic 'unstrsplit' and siglist 'XStringSetList'
  generic 'updateObject' and siglist 'AAString'
  generic 'updateObject' and siglist 'AAStringSet'
All user-level objects in a package (including S4 classes and methods)
should have documentation entries.
See chapter ‘Writing R documentation files’ in the ‘Writing R
Extensions’ manual.
* checking for code/documentation mismatches ... OK
* checking Rd \usage sections ... OK
* checking Rd contents ... OK
* checking for unstated dependencies in examples ... OK
* checking contents of ‘data’ directory ... OK
* checking data for non-ASCII characters ... OK
* checking data for ASCII and uncompressed saves ... OK
* checking line endings in C/C++/Fortran sources/headers ... OK
* checking compiled code ... NOTE
Note: information on .o files is not available
* checking sizes of PDF files under ‘inst/doc’ ... OK
* checking files in ‘vignettes’ ... OK
* checking examples ... OK
Examples with CPU (user + system) or elapsed time > 5s
                      user system elapsed
matchPDict-exact   434.062  5.766 462.596
matchPDict-inexact  60.771  0.680  62.490
findPalindromes     59.177  0.244  62.562
XStringSet-class    18.489  0.956  19.624
XStringSet-io       10.923  0.790  12.105
matchPattern         8.401  0.396   8.870
PDict-class          5.176  0.219   5.451
* checking for unstated dependencies in ‘tests’ ... OK
* checking tests ...
  Running ‘testthat.R’
 OK
* checking for unstated dependencies in vignettes ... OK
* checking package vignettes ... OK
* checking running R code from vignettes ... SKIPPED
* checking re-building of vignette outputs ... SKIPPED
* checking PDF version of manual ... OK
* DONE

Status: 1 WARNING, 2 NOTEs
See
  ‘/Users/biocbuild/bbs-3.20-bioc/meat/Biostrings.Rcheck/00check.log’
for details.


Installation output

Biostrings.Rcheck/00install.out

##############################################################################
##############################################################################
###
### Running command:
###
###   /Library/Frameworks/R.framework/Resources/bin/R CMD INSTALL Biostrings
###
##############################################################################
##############################################################################


* installing to library ‘/Library/Frameworks/R.framework/Versions/4.4-x86_64/Resources/library’
* installing *source* package ‘Biostrings’ ...
** using staged installation
** libs
using C compiler: ‘Apple clang version 14.0.0 (clang-1400.0.29.202)’
using SDK: ‘MacOSX11.3.sdk’
clang -arch x86_64 -I"/Library/Frameworks/R.framework/Resources/include" -DNDEBUG  -I'/Library/Frameworks/R.framework/Versions/4.4-x86_64/Resources/library/S4Vectors/include' -I'/Library/Frameworks/R.framework/Versions/4.4-x86_64/Resources/library/IRanges/include' -I'/Library/Frameworks/R.framework/Versions/4.4-x86_64/Resources/library/XVector/include' -I/opt/R/x86_64/include    -fPIC  -falign-functions=64 -Wall -g -O2  -c BAB_class.c -o BAB_class.o
clang -arch x86_64 -I"/Library/Frameworks/R.framework/Resources/include" -DNDEBUG  -I'/Library/Frameworks/R.framework/Versions/4.4-x86_64/Resources/library/S4Vectors/include' -I'/Library/Frameworks/R.framework/Versions/4.4-x86_64/Resources/library/IRanges/include' -I'/Library/Frameworks/R.framework/Versions/4.4-x86_64/Resources/library/XVector/include' -I/opt/R/x86_64/include    -fPIC  -falign-functions=64 -Wall -g -O2  -c BitMatrix.c -o BitMatrix.o
BitMatrix.c:299:13: warning: unused function 'BitMatrix_print' [-Wunused-function]
static void BitMatrix_print(BitMatrix *bitmat)
            ^
1 warning generated.
clang -arch x86_64 -I"/Library/Frameworks/R.framework/Resources/include" -DNDEBUG  -I'/Library/Frameworks/R.framework/Versions/4.4-x86_64/Resources/library/S4Vectors/include' -I'/Library/Frameworks/R.framework/Versions/4.4-x86_64/Resources/library/IRanges/include' -I'/Library/Frameworks/R.framework/Versions/4.4-x86_64/Resources/library/XVector/include' -I/opt/R/x86_64/include    -fPIC  -falign-functions=64 -Wall -g -O2  -c IRanges_stubs.c -o IRanges_stubs.o
clang -arch x86_64 -I"/Library/Frameworks/R.framework/Resources/include" -DNDEBUG  -I'/Library/Frameworks/R.framework/Versions/4.4-x86_64/Resources/library/S4Vectors/include' -I'/Library/Frameworks/R.framework/Versions/4.4-x86_64/Resources/library/IRanges/include' -I'/Library/Frameworks/R.framework/Versions/4.4-x86_64/Resources/library/XVector/include' -I/opt/R/x86_64/include    -fPIC  -falign-functions=64 -Wall -g -O2  -c MIndex_class.c -o MIndex_class.o
MIndex_class.c:184:20: warning: unused variable 'poffsets_order' [-Wunused-variable]
        IntAE *poffsets, *poffsets_order;
                          ^
1 warning generated.
clang -arch x86_64 -I"/Library/Frameworks/R.framework/Resources/include" -DNDEBUG  -I'/Library/Frameworks/R.framework/Versions/4.4-x86_64/Resources/library/S4Vectors/include' -I'/Library/Frameworks/R.framework/Versions/4.4-x86_64/Resources/library/IRanges/include' -I'/Library/Frameworks/R.framework/Versions/4.4-x86_64/Resources/library/XVector/include' -I/opt/R/x86_64/include    -fPIC  -falign-functions=64 -Wall -g -O2  -c PreprocessedTB_class.c -o PreprocessedTB_class.o
clang -arch x86_64 -I"/Library/Frameworks/R.framework/Resources/include" -DNDEBUG  -I'/Library/Frameworks/R.framework/Versions/4.4-x86_64/Resources/library/S4Vectors/include' -I'/Library/Frameworks/R.framework/Versions/4.4-x86_64/Resources/library/IRanges/include' -I'/Library/Frameworks/R.framework/Versions/4.4-x86_64/Resources/library/XVector/include' -I/opt/R/x86_64/include    -fPIC  -falign-functions=64 -Wall -g -O2  -c R_init_Biostrings.c -o R_init_Biostrings.o
clang -arch x86_64 -I"/Library/Frameworks/R.framework/Resources/include" -DNDEBUG  -I'/Library/Frameworks/R.framework/Versions/4.4-x86_64/Resources/library/S4Vectors/include' -I'/Library/Frameworks/R.framework/Versions/4.4-x86_64/Resources/library/IRanges/include' -I'/Library/Frameworks/R.framework/Versions/4.4-x86_64/Resources/library/XVector/include' -I/opt/R/x86_64/include    -fPIC  -falign-functions=64 -Wall -g -O2  -c RoSeqs_utils.c -o RoSeqs_utils.o
clang -arch x86_64 -I"/Library/Frameworks/R.framework/Resources/include" -DNDEBUG  -I'/Library/Frameworks/R.framework/Versions/4.4-x86_64/Resources/library/S4Vectors/include' -I'/Library/Frameworks/R.framework/Versions/4.4-x86_64/Resources/library/IRanges/include' -I'/Library/Frameworks/R.framework/Versions/4.4-x86_64/Resources/library/XVector/include' -I/opt/R/x86_64/include    -fPIC  -falign-functions=64 -Wall -g -O2  -c S4Vectors_stubs.c -o S4Vectors_stubs.o
clang -arch x86_64 -I"/Library/Frameworks/R.framework/Resources/include" -DNDEBUG  -I'/Library/Frameworks/R.framework/Versions/4.4-x86_64/Resources/library/S4Vectors/include' -I'/Library/Frameworks/R.framework/Versions/4.4-x86_64/Resources/library/IRanges/include' -I'/Library/Frameworks/R.framework/Versions/4.4-x86_64/Resources/library/XVector/include' -I/opt/R/x86_64/include    -fPIC  -falign-functions=64 -Wall -g -O2  -c SparseList_utils.c -o SparseList_utils.o
clang -arch x86_64 -I"/Library/Frameworks/R.framework/Resources/include" -DNDEBUG  -I'/Library/Frameworks/R.framework/Versions/4.4-x86_64/Resources/library/S4Vectors/include' -I'/Library/Frameworks/R.framework/Versions/4.4-x86_64/Resources/library/IRanges/include' -I'/Library/Frameworks/R.framework/Versions/4.4-x86_64/Resources/library/XVector/include' -I/opt/R/x86_64/include    -fPIC  -falign-functions=64 -Wall -g -O2  -c XStringSetList_class.c -o XStringSetList_class.o
clang -arch x86_64 -I"/Library/Frameworks/R.framework/Resources/include" -DNDEBUG  -I'/Library/Frameworks/R.framework/Versions/4.4-x86_64/Resources/library/S4Vectors/include' -I'/Library/Frameworks/R.framework/Versions/4.4-x86_64/Resources/library/IRanges/include' -I'/Library/Frameworks/R.framework/Versions/4.4-x86_64/Resources/library/XVector/include' -I/opt/R/x86_64/include    -fPIC  -falign-functions=64 -Wall -g -O2  -c XStringSet_class.c -o XStringSet_class.o
clang -arch x86_64 -I"/Library/Frameworks/R.framework/Resources/include" -DNDEBUG  -I'/Library/Frameworks/R.framework/Versions/4.4-x86_64/Resources/library/S4Vectors/include' -I'/Library/Frameworks/R.framework/Versions/4.4-x86_64/Resources/library/IRanges/include' -I'/Library/Frameworks/R.framework/Versions/4.4-x86_64/Resources/library/XVector/include' -I/opt/R/x86_64/include    -fPIC  -falign-functions=64 -Wall -g -O2  -c XString_class.c -o XString_class.o
clang -arch x86_64 -I"/Library/Frameworks/R.framework/Resources/include" -DNDEBUG  -I'/Library/Frameworks/R.framework/Versions/4.4-x86_64/Resources/library/S4Vectors/include' -I'/Library/Frameworks/R.framework/Versions/4.4-x86_64/Resources/library/IRanges/include' -I'/Library/Frameworks/R.framework/Versions/4.4-x86_64/Resources/library/XVector/include' -I/opt/R/x86_64/include    -fPIC  -falign-functions=64 -Wall -g -O2  -c XVector_stubs.c -o XVector_stubs.o
clang -arch x86_64 -I"/Library/Frameworks/R.framework/Resources/include" -DNDEBUG  -I'/Library/Frameworks/R.framework/Versions/4.4-x86_64/Resources/library/S4Vectors/include' -I'/Library/Frameworks/R.framework/Versions/4.4-x86_64/Resources/library/IRanges/include' -I'/Library/Frameworks/R.framework/Versions/4.4-x86_64/Resources/library/XVector/include' -I/opt/R/x86_64/include    -fPIC  -falign-functions=64 -Wall -g -O2  -c find_palindromes.c -o find_palindromes.o
clang -arch x86_64 -I"/Library/Frameworks/R.framework/Resources/include" -DNDEBUG  -I'/Library/Frameworks/R.framework/Versions/4.4-x86_64/Resources/library/S4Vectors/include' -I'/Library/Frameworks/R.framework/Versions/4.4-x86_64/Resources/library/IRanges/include' -I'/Library/Frameworks/R.framework/Versions/4.4-x86_64/Resources/library/XVector/include' -I/opt/R/x86_64/include    -fPIC  -falign-functions=64 -Wall -g -O2  -c gtestsim.c -o gtestsim.o
clang -arch x86_64 -I"/Library/Frameworks/R.framework/Resources/include" -DNDEBUG  -I'/Library/Frameworks/R.framework/Versions/4.4-x86_64/Resources/library/S4Vectors/include' -I'/Library/Frameworks/R.framework/Versions/4.4-x86_64/Resources/library/IRanges/include' -I'/Library/Frameworks/R.framework/Versions/4.4-x86_64/Resources/library/XVector/include' -I/opt/R/x86_64/include    -fPIC  -falign-functions=64 -Wall -g -O2  -c inject_code.c -o inject_code.o
clang -arch x86_64 -I"/Library/Frameworks/R.framework/Resources/include" -DNDEBUG  -I'/Library/Frameworks/R.framework/Versions/4.4-x86_64/Resources/library/S4Vectors/include' -I'/Library/Frameworks/R.framework/Versions/4.4-x86_64/Resources/library/IRanges/include' -I'/Library/Frameworks/R.framework/Versions/4.4-x86_64/Resources/library/XVector/include' -I/opt/R/x86_64/include    -fPIC  -falign-functions=64 -Wall -g -O2  -c letter_frequency.c -o letter_frequency.o
letter_frequency.c:957:48: warning: unused variable 'x_pos' [-Wunused-variable]
  int x_width, y_width, x_length, *ans_mat, i, x_pos;
                                               ^
1 warning generated.
clang -arch x86_64 -I"/Library/Frameworks/R.framework/Resources/include" -DNDEBUG  -I'/Library/Frameworks/R.framework/Versions/4.4-x86_64/Resources/library/S4Vectors/include' -I'/Library/Frameworks/R.framework/Versions/4.4-x86_64/Resources/library/IRanges/include' -I'/Library/Frameworks/R.framework/Versions/4.4-x86_64/Resources/library/XVector/include' -I/opt/R/x86_64/include    -fPIC  -falign-functions=64 -Wall -g -O2  -c lowlevel_matching.c -o lowlevel_matching.o
clang -arch x86_64 -I"/Library/Frameworks/R.framework/Resources/include" -DNDEBUG  -I'/Library/Frameworks/R.framework/Versions/4.4-x86_64/Resources/library/S4Vectors/include' -I'/Library/Frameworks/R.framework/Versions/4.4-x86_64/Resources/library/IRanges/include' -I'/Library/Frameworks/R.framework/Versions/4.4-x86_64/Resources/library/XVector/include' -I/opt/R/x86_64/include    -fPIC  -falign-functions=64 -Wall -g -O2  -c match_PWM.c -o match_PWM.o
clang -arch x86_64 -I"/Library/Frameworks/R.framework/Resources/include" -DNDEBUG  -I'/Library/Frameworks/R.framework/Versions/4.4-x86_64/Resources/library/S4Vectors/include' -I'/Library/Frameworks/R.framework/Versions/4.4-x86_64/Resources/library/IRanges/include' -I'/Library/Frameworks/R.framework/Versions/4.4-x86_64/Resources/library/XVector/include' -I/opt/R/x86_64/include    -fPIC  -falign-functions=64 -Wall -g -O2  -c match_pattern.c -o match_pattern.o
clang -arch x86_64 -I"/Library/Frameworks/R.framework/Resources/include" -DNDEBUG  -I'/Library/Frameworks/R.framework/Versions/4.4-x86_64/Resources/library/S4Vectors/include' -I'/Library/Frameworks/R.framework/Versions/4.4-x86_64/Resources/library/IRanges/include' -I'/Library/Frameworks/R.framework/Versions/4.4-x86_64/Resources/library/XVector/include' -I/opt/R/x86_64/include    -fPIC  -falign-functions=64 -Wall -g -O2  -c match_pattern_boyermoore.c -o match_pattern_boyermoore.o
clang -arch x86_64 -I"/Library/Frameworks/R.framework/Resources/include" -DNDEBUG  -I'/Library/Frameworks/R.framework/Versions/4.4-x86_64/Resources/library/S4Vectors/include' -I'/Library/Frameworks/R.framework/Versions/4.4-x86_64/Resources/library/IRanges/include' -I'/Library/Frameworks/R.framework/Versions/4.4-x86_64/Resources/library/XVector/include' -I/opt/R/x86_64/include    -fPIC  -falign-functions=64 -Wall -g -O2  -c match_pattern_indels.c -o match_pattern_indels.o
match_pattern_indels.c:7:13: warning: unused function 'test_match_pattern_indels' [-Wunused-function]
static void test_match_pattern_indels(const char *p, const char *s,
            ^
1 warning generated.
clang -arch x86_64 -I"/Library/Frameworks/R.framework/Resources/include" -DNDEBUG  -I'/Library/Frameworks/R.framework/Versions/4.4-x86_64/Resources/library/S4Vectors/include' -I'/Library/Frameworks/R.framework/Versions/4.4-x86_64/Resources/library/IRanges/include' -I'/Library/Frameworks/R.framework/Versions/4.4-x86_64/Resources/library/XVector/include' -I/opt/R/x86_64/include    -fPIC  -falign-functions=64 -Wall -g -O2  -c match_pattern_shiftor.c -o match_pattern_shiftor.o
clang -arch x86_64 -I"/Library/Frameworks/R.framework/Resources/include" -DNDEBUG  -I'/Library/Frameworks/R.framework/Versions/4.4-x86_64/Resources/library/S4Vectors/include' -I'/Library/Frameworks/R.framework/Versions/4.4-x86_64/Resources/library/IRanges/include' -I'/Library/Frameworks/R.framework/Versions/4.4-x86_64/Resources/library/XVector/include' -I/opt/R/x86_64/include    -fPIC  -falign-functions=64 -Wall -g -O2  -c match_pdict.c -o match_pdict.o
clang -arch x86_64 -I"/Library/Frameworks/R.framework/Resources/include" -DNDEBUG  -I'/Library/Frameworks/R.framework/Versions/4.4-x86_64/Resources/library/S4Vectors/include' -I'/Library/Frameworks/R.framework/Versions/4.4-x86_64/Resources/library/IRanges/include' -I'/Library/Frameworks/R.framework/Versions/4.4-x86_64/Resources/library/XVector/include' -I/opt/R/x86_64/include    -fPIC  -falign-functions=64 -Wall -g -O2  -c match_pdict_ACtree2.c -o match_pdict_ACtree2.o
match_pdict_ACtree2.c:1031:10: warning: variable 'node0' set but not used [-Wunused-but-set-variable]
        ACnode *node0, *node1, *node2;
                ^
match_pdict_ACtree2.c:1076:10: warning: variable 'node0' set but not used [-Wunused-but-set-variable]
        ACnode *node0, *node1, *node2;
                ^
match_pdict_ACtree2.c:139:13: warning: unused function 'debug_node_counting_functions' [-Wunused-function]
static void debug_node_counting_functions(int maxdepth)
            ^
match_pdict_ACtree2.c:602:21: warning: unused function 'a_nice_max_nodeextbuf_nelt' [-Wunused-function]
static unsigned int a_nice_max_nodeextbuf_nelt(int nnodes)
                    ^
4 warnings generated.
clang -arch x86_64 -I"/Library/Frameworks/R.framework/Resources/include" -DNDEBUG  -I'/Library/Frameworks/R.framework/Versions/4.4-x86_64/Resources/library/S4Vectors/include' -I'/Library/Frameworks/R.framework/Versions/4.4-x86_64/Resources/library/IRanges/include' -I'/Library/Frameworks/R.framework/Versions/4.4-x86_64/Resources/library/XVector/include' -I/opt/R/x86_64/include    -fPIC  -falign-functions=64 -Wall -g -O2  -c match_pdict_Twobit.c -o match_pdict_Twobit.o
clang -arch x86_64 -I"/Library/Frameworks/R.framework/Resources/include" -DNDEBUG  -I'/Library/Frameworks/R.framework/Versions/4.4-x86_64/Resources/library/S4Vectors/include' -I'/Library/Frameworks/R.framework/Versions/4.4-x86_64/Resources/library/IRanges/include' -I'/Library/Frameworks/R.framework/Versions/4.4-x86_64/Resources/library/XVector/include' -I/opt/R/x86_64/include    -fPIC  -falign-functions=64 -Wall -g -O2  -c match_pdict_utils.c -o match_pdict_utils.o
match_pdict_utils.c:653:49: warning: unused variable 'ncol' [-Wunused-variable]
        int nelt, min_safe_tb_end, max_safe_tb_end, j, ncol;
                                                       ^
match_pdict_utils.c:713:6: warning: unused variable 'nelt' [-Wunused-variable]
        int nelt, nkey0, nkey1, nkey2, i, key;
            ^
match_pdict_utils.c:819:20: warning: unused variable 'ndup' [-Wunused-variable]
        unsigned long int ndup, nloci, NFC; // NFC = Number of Flank Comparisons
                          ^
match_pdict_utils.c:819:26: warning: unused variable 'nloci' [-Wunused-variable]
        unsigned long int ndup, nloci, NFC; // NFC = Number of Flank Comparisons
                                ^
match_pdict_utils.c:819:33: warning: unused variable 'NFC' [-Wunused-variable]
        unsigned long int ndup, nloci, NFC; // NFC = Number of Flank Comparisons
                                       ^
match_pdict_utils.c:820:27: warning: unused variable 'total_NFC' [-Wunused-variable]
        static unsigned long int total_NFC = 0UL, subtotal_NFC = 0UL;
                                 ^
match_pdict_utils.c:820:44: warning: unused variable 'subtotal_NFC' [-Wunused-variable]
        static unsigned long int total_NFC = 0UL, subtotal_NFC = 0UL;
                                                  ^
match_pdict_utils.c:261:13: warning: unused function 'match_headtail_by_loc' [-Wunused-function]
static void match_headtail_by_loc(const HeadTail *headtail,
            ^
8 warnings generated.
clang -arch x86_64 -I"/Library/Frameworks/R.framework/Resources/include" -DNDEBUG  -I'/Library/Frameworks/R.framework/Versions/4.4-x86_64/Resources/library/S4Vectors/include' -I'/Library/Frameworks/R.framework/Versions/4.4-x86_64/Resources/library/IRanges/include' -I'/Library/Frameworks/R.framework/Versions/4.4-x86_64/Resources/library/XVector/include' -I/opt/R/x86_64/include    -fPIC  -falign-functions=64 -Wall -g -O2  -c match_reporting.c -o match_reporting.o
clang -arch x86_64 -I"/Library/Frameworks/R.framework/Resources/include" -DNDEBUG  -I'/Library/Frameworks/R.framework/Versions/4.4-x86_64/Resources/library/S4Vectors/include' -I'/Library/Frameworks/R.framework/Versions/4.4-x86_64/Resources/library/IRanges/include' -I'/Library/Frameworks/R.framework/Versions/4.4-x86_64/Resources/library/XVector/include' -I/opt/R/x86_64/include    -fPIC  -falign-functions=64 -Wall -g -O2  -c matchprobes.c -o matchprobes.o
clang -arch x86_64 -I"/Library/Frameworks/R.framework/Resources/include" -DNDEBUG  -I'/Library/Frameworks/R.framework/Versions/4.4-x86_64/Resources/library/S4Vectors/include' -I'/Library/Frameworks/R.framework/Versions/4.4-x86_64/Resources/library/IRanges/include' -I'/Library/Frameworks/R.framework/Versions/4.4-x86_64/Resources/library/XVector/include' -I/opt/R/x86_64/include    -fPIC  -falign-functions=64 -Wall -g -O2  -c pmatchPattern.c -o pmatchPattern.o
clang -arch x86_64 -I"/Library/Frameworks/R.framework/Resources/include" -DNDEBUG  -I'/Library/Frameworks/R.framework/Versions/4.4-x86_64/Resources/library/S4Vectors/include' -I'/Library/Frameworks/R.framework/Versions/4.4-x86_64/Resources/library/IRanges/include' -I'/Library/Frameworks/R.framework/Versions/4.4-x86_64/Resources/library/XVector/include' -I/opt/R/x86_64/include    -fPIC  -falign-functions=64 -Wall -g -O2  -c read_fasta_files.c -o read_fasta_files.o
clang -arch x86_64 -I"/Library/Frameworks/R.framework/Resources/include" -DNDEBUG  -I'/Library/Frameworks/R.framework/Versions/4.4-x86_64/Resources/library/S4Vectors/include' -I'/Library/Frameworks/R.framework/Versions/4.4-x86_64/Resources/library/IRanges/include' -I'/Library/Frameworks/R.framework/Versions/4.4-x86_64/Resources/library/XVector/include' -I/opt/R/x86_64/include    -fPIC  -falign-functions=64 -Wall -g -O2  -c read_fastq_files.c -o read_fastq_files.o
clang -arch x86_64 -I"/Library/Frameworks/R.framework/Resources/include" -DNDEBUG  -I'/Library/Frameworks/R.framework/Versions/4.4-x86_64/Resources/library/S4Vectors/include' -I'/Library/Frameworks/R.framework/Versions/4.4-x86_64/Resources/library/IRanges/include' -I'/Library/Frameworks/R.framework/Versions/4.4-x86_64/Resources/library/XVector/include' -I/opt/R/x86_64/include    -fPIC  -falign-functions=64 -Wall -g -O2  -c replaceAt.c -o replaceAt.o
clang -arch x86_64 -I"/Library/Frameworks/R.framework/Resources/include" -DNDEBUG  -I'/Library/Frameworks/R.framework/Versions/4.4-x86_64/Resources/library/S4Vectors/include' -I'/Library/Frameworks/R.framework/Versions/4.4-x86_64/Resources/library/IRanges/include' -I'/Library/Frameworks/R.framework/Versions/4.4-x86_64/Resources/library/XVector/include' -I/opt/R/x86_64/include    -fPIC  -falign-functions=64 -Wall -g -O2  -c replace_letter_at.c -o replace_letter_at.o
clang -arch x86_64 -I"/Library/Frameworks/R.framework/Resources/include" -DNDEBUG  -I'/Library/Frameworks/R.framework/Versions/4.4-x86_64/Resources/library/S4Vectors/include' -I'/Library/Frameworks/R.framework/Versions/4.4-x86_64/Resources/library/IRanges/include' -I'/Library/Frameworks/R.framework/Versions/4.4-x86_64/Resources/library/XVector/include' -I/opt/R/x86_64/include    -fPIC  -falign-functions=64 -Wall -g -O2  -c strutils.c -o strutils.o
clang -arch x86_64 -I"/Library/Frameworks/R.framework/Resources/include" -DNDEBUG  -I'/Library/Frameworks/R.framework/Versions/4.4-x86_64/Resources/library/S4Vectors/include' -I'/Library/Frameworks/R.framework/Versions/4.4-x86_64/Resources/library/IRanges/include' -I'/Library/Frameworks/R.framework/Versions/4.4-x86_64/Resources/library/XVector/include' -I/opt/R/x86_64/include    -fPIC  -falign-functions=64 -Wall -g -O2  -c translate.c -o translate.o
clang -arch x86_64 -I"/Library/Frameworks/R.framework/Resources/include" -DNDEBUG  -I'/Library/Frameworks/R.framework/Versions/4.4-x86_64/Resources/library/S4Vectors/include' -I'/Library/Frameworks/R.framework/Versions/4.4-x86_64/Resources/library/IRanges/include' -I'/Library/Frameworks/R.framework/Versions/4.4-x86_64/Resources/library/XVector/include' -I/opt/R/x86_64/include    -fPIC  -falign-functions=64 -Wall -g -O2  -c unstrsplit_methods.c -o unstrsplit_methods.o
clang -arch x86_64 -I"/Library/Frameworks/R.framework/Resources/include" -DNDEBUG  -I'/Library/Frameworks/R.framework/Versions/4.4-x86_64/Resources/library/S4Vectors/include' -I'/Library/Frameworks/R.framework/Versions/4.4-x86_64/Resources/library/IRanges/include' -I'/Library/Frameworks/R.framework/Versions/4.4-x86_64/Resources/library/XVector/include' -I/opt/R/x86_64/include    -fPIC  -falign-functions=64 -Wall -g -O2  -c utils.c -o utils.o
clang -arch x86_64 -I"/Library/Frameworks/R.framework/Resources/include" -DNDEBUG  -I'/Library/Frameworks/R.framework/Versions/4.4-x86_64/Resources/library/S4Vectors/include' -I'/Library/Frameworks/R.framework/Versions/4.4-x86_64/Resources/library/IRanges/include' -I'/Library/Frameworks/R.framework/Versions/4.4-x86_64/Resources/library/XVector/include' -I/opt/R/x86_64/include    -fPIC  -falign-functions=64 -Wall -g -O2  -c xscat.c -o xscat.o
clang -arch x86_64 -dynamiclib -Wl,-headerpad_max_install_names -undefined dynamic_lookup -L/Library/Frameworks/R.framework/Resources/lib -L/opt/R/x86_64/lib -o Biostrings.so BAB_class.o BitMatrix.o IRanges_stubs.o MIndex_class.o PreprocessedTB_class.o R_init_Biostrings.o RoSeqs_utils.o S4Vectors_stubs.o SparseList_utils.o XStringSetList_class.o XStringSet_class.o XString_class.o XVector_stubs.o find_palindromes.o gtestsim.o inject_code.o letter_frequency.o lowlevel_matching.o match_PWM.o match_pattern.o match_pattern_boyermoore.o match_pattern_indels.o match_pattern_shiftor.o match_pdict.o match_pdict_ACtree2.o match_pdict_Twobit.o match_pdict_utils.o match_reporting.o matchprobes.o pmatchPattern.o read_fasta_files.o read_fastq_files.o replaceAt.o replace_letter_at.o strutils.o translate.o unstrsplit_methods.o utils.o xscat.o -F/Library/Frameworks/R.framework/.. -framework R -Wl,-framework -Wl,CoreFoundation
installing to /Library/Frameworks/R.framework/Versions/4.4-x86_64/Resources/library/00LOCK-Biostrings/00new/Biostrings/libs
** R
** data
** inst
** byte-compile and prepare package for lazy loading
in method for ‘twoWayAlphabetFrequencyByQuality’ with signature ‘"QualityScaledXStringSet"’: no definition for class “QualityScaledXStringSet”
Creating a new generic function for ‘strsplit’ in package ‘Biostrings’
Creating a generic function for ‘ls’ from package ‘base’ in package ‘Biostrings’
Creating a new generic function for ‘pattern’ in package ‘Biostrings’
Creating a new generic function for ‘offset’ in package ‘Biostrings’
** help
*** installing help indices
** building package indices
** installing vignettes
** testing if installed package can be loaded from temporary location
** checking absolute paths in shared objects and dynamic libraries
** testing if installed package can be loaded from final location
** testing if installed package keeps a record of temporary installation path
* DONE (Biostrings)

Tests output

Biostrings.Rcheck/tests/testthat.Rout


R version 4.4.3 (2025-02-28) -- "Trophy Case"
Copyright (C) 2025 The R Foundation for Statistical Computing
Platform: x86_64-apple-darwin20

R is free software and comes with ABSOLUTELY NO WARRANTY.
You are welcome to redistribute it under certain conditions.
Type 'license()' or 'licence()' for distribution details.

R is a collaborative project with many contributors.
Type 'contributors()' for more information and
'citation()' on how to cite R or R packages in publications.

Type 'demo()' for some demos, 'help()' for on-line help, or
'help.start()' for an HTML browser interface to help.
Type 'q()' to quit R.

> library(testthat)
> library(Biostrings)
Loading required package: BiocGenerics

Attaching package: 'BiocGenerics'

The following objects are masked from 'package:stats':

    IQR, mad, sd, var, xtabs

The following objects are masked from 'package:base':

    Filter, Find, Map, Position, Reduce, anyDuplicated, aperm, append,
    as.data.frame, basename, cbind, colnames, dirname, do.call,
    duplicated, eval, evalq, get, grep, grepl, intersect, is.unsorted,
    lapply, mapply, match, mget, order, paste, pmax, pmax.int, pmin,
    pmin.int, rank, rbind, rownames, sapply, saveRDS, setdiff, table,
    tapply, union, unique, unsplit, which.max, which.min

Loading required package: S4Vectors
Loading required package: stats4

Attaching package: 'S4Vectors'

The following object is masked from 'package:utils':

    findMatches

The following objects are masked from 'package:base':

    I, expand.grid, unname

Loading required package: IRanges
Loading required package: XVector
Loading required package: GenomeInfoDb

Attaching package: 'Biostrings'

The following object is masked from 'package:base':

    strsplit

> 
> test_check("Biostrings")
[ FAIL 0 | WARN 0 | SKIP 0 | PASS 1333 ]
> 
> proc.time()
   user  system elapsed 
 34.577   1.321  36.274 

Example timings

Biostrings.Rcheck/Biostrings-Ex.timings

nameusersystemelapsed
AAString-class0.0050.0030.008
AMINO_ACID_CODE0.0040.0020.006
DNAString-class0.0090.0010.010
GENETIC_CODE0.0210.0130.034
HNF4alpha0.2980.0060.310
IUPAC_CODE_MAP0.3020.0090.317
MIndex-class0.0000.0010.001
MaskedXString-class0.4480.0710.526
MultipleAlignment-class3.2460.1313.473
PDict-class5.1760.2195.451
QualityScaledXStringSet-class0.3840.0180.406
RNAString-class0.0170.0020.019
XString-class0.0180.0030.021
XStringQuality-class0.3260.0110.341
XStringSet-class18.489 0.95619.624
XStringSet-comparison3.6580.2284.064
XStringSet-io10.923 0.79012.105
XStringSetList-class0.5180.0180.559
XStringViews-class0.2490.0270.281
chartr1.8600.0671.954
detail0.6930.0390.789
dinucleotideFrequencyTest0.0190.0040.024
findPalindromes59.177 0.24462.562
getSeq0.1180.0110.130
gregexpr20.0010.0020.003
injectHardMask0.0760.0060.082
letter0.0370.0040.040
letterFrequency1.3900.0771.539
longestConsecutive0.0000.0000.001
lowlevel-matching0.6260.0700.737
maskMotif1.4980.1401.683
match-utils0.0420.0020.046
matchLRPatterns0.7450.0270.796
matchPDict-exact434.062 5.766462.596
matchPDict-inexact60.771 0.68062.490
matchPWM3.1740.0323.246
matchPattern8.4010.3968.870
matchProbePair1.5290.0421.577
matchprobes0.0000.0010.001
misc0.0280.0010.030
needwunsQS0.0010.0010.002
nucleotideFrequency1.0310.0881.122
padAndClip0.8530.0190.880
predefined_scoring_matrices0.0000.0010.000
replaceAt4.2950.0864.954
replaceLetterAt0.6080.0540.678
reverseComplement1.6540.3772.332
seqinfo-methods0.9320.0171.052
toComplex0.0020.0010.004
translate2.8860.0302.928
trimLRPatterns0.1290.0040.133
xscat2.2840.1002.389
yeastSEQCHR10.0040.0040.008