Back to the "Multiple platform build/check report" A [B] C  D  E  F  G  H  I  J  K  L  M  N  O  P  Q  R  S  T  U  V  W  X  Y  Z 

BioC 3.2: CHECK report for BiocGenerics on moscato1

This page was generated on 2015-08-20 13:20:37 -0700 (Thu, 20 Aug 2015).

Package 95/1069HostnameOS / ArchINSTALLBUILDCHECKBUILD BIN
BiocGenerics 0.15.6
Bioconductor Package Maintainer
Snapshot Date: 2015-08-19 16:24:33 -0700 (Wed, 19 Aug 2015)
URL: https://hedgehog.fhcrc.org/bioconductor/trunk/madman/Rpacks/BiocGenerics
Last Changed Rev: 107229 / Revision: 107602
Last Changed Date: 2015-08-07 15:53:33 -0700 (Fri, 07 Aug 2015)
zin1 Linux (Ubuntu 14.04.2 LTS) / x86_64  OK  OK  WARNINGS UNNEEDED, same version exists in internal repository
moscato1 Windows Server 2008 R2 Enterprise SP1 (64-bit) / x64  OK  OK [ WARNINGS ] OK UNNEEDED, same version exists in internal repository
perceval Mac OS X Snow Leopard (10.6.8) / x86_64  OK  OK  WARNINGS  OK UNNEEDED, same version exists in internal repository
oaxaca Mac OS X Mavericks (10.9.5) / x86_64  OK  OK  WARNINGS  OK UNNEEDED, same version exists in internal repository

Summary

Package: BiocGenerics
Version: 0.15.6
Command: rm -rf BiocGenerics.buildbin-libdir BiocGenerics.Rcheck && mkdir BiocGenerics.buildbin-libdir BiocGenerics.Rcheck && D:\biocbld\bbs-3.2-bioc\R\bin\R.exe CMD INSTALL --build --merge-multiarch --library=BiocGenerics.buildbin-libdir BiocGenerics_0.15.6.tar.gz >BiocGenerics.Rcheck\00install.out 2>&1 && cp BiocGenerics.Rcheck\00install.out BiocGenerics-install.out && D:\biocbld\bbs-3.2-bioc\R\bin\R.exe CMD check --library=BiocGenerics.buildbin-libdir --install="check:BiocGenerics-install.out" --force-multiarch --no-vignettes --timings BiocGenerics_0.15.6.tar.gz
StartedAt: 2015-08-20 01:49:43 -0700 (Thu, 20 Aug 2015)
EndedAt: 2015-08-20 01:51:33 -0700 (Thu, 20 Aug 2015)
EllapsedTime: 110.1 seconds
RetCode: 0
Status:  WARNINGS  
CheckDir: BiocGenerics.Rcheck
Warnings: 2

Command output

##############################################################################
##############################################################################
###
### Running command:
###
###   rm -rf BiocGenerics.buildbin-libdir BiocGenerics.Rcheck && mkdir BiocGenerics.buildbin-libdir BiocGenerics.Rcheck && D:\biocbld\bbs-3.2-bioc\R\bin\R.exe CMD INSTALL --build --merge-multiarch --library=BiocGenerics.buildbin-libdir BiocGenerics_0.15.6.tar.gz >BiocGenerics.Rcheck\00install.out 2>&1 && cp BiocGenerics.Rcheck\00install.out BiocGenerics-install.out  && D:\biocbld\bbs-3.2-bioc\R\bin\R.exe CMD check --library=BiocGenerics.buildbin-libdir --install="check:BiocGenerics-install.out" --force-multiarch --no-vignettes --timings BiocGenerics_0.15.6.tar.gz
###
##############################################################################
##############################################################################


* using log directory 'D:/biocbld/bbs-3.2-bioc/meat/BiocGenerics.Rcheck'
* using R version 3.2.2 (2015-08-14)
* using platform: x86_64-w64-mingw32 (64-bit)
* using session charset: ISO8859-1
* using option '--no-vignettes'
* checking for file 'BiocGenerics/DESCRIPTION' ... OK
* this is package 'BiocGenerics' version '0.15.6'
* checking package namespace information ... OK
* checking package dependencies ... OK
* checking if this is a source package ... OK
* checking if there is a namespace ... OK
* checking for hidden files and directories ... OK
* checking for portable file names ... OK
* checking whether package 'BiocGenerics' can be installed ... OK
* checking installed package size ... OK
* checking package directory ... OK
* checking DESCRIPTION meta-information ... NOTE
Packages listed in more than one of Depends, Imports, Suggests, Enhances:
  'methods' 'utils' 'graphics' 'stats' 'parallel'
A package should be listed in only one of these fields.
* checking top-level files ... OK
* checking for left-over files ... OK
* checking index information ... OK
* checking package subdirectories ... OK
* checking R files for non-ASCII characters ... OK
* checking R files for syntax errors ... OK
* loading checks for arch 'i386'
** checking whether the package can be loaded ... OK
** checking whether the package can be loaded with stated dependencies ... OK
** checking whether the package can be unloaded cleanly ... OK
** checking whether the namespace can be loaded with stated dependencies ... OK
** checking whether the namespace can be unloaded cleanly ... OK
* loading checks for arch 'x64'
** checking whether the package can be loaded ... OK
** checking whether the package can be loaded with stated dependencies ... OK
** checking whether the package can be unloaded cleanly ... OK
** checking whether the namespace can be loaded with stated dependencies ... OK
** checking whether the namespace can be unloaded cleanly ... OK
* checking dependencies in R code ... NOTE
'library' or 'require' call to 'RUnit' in package code.
  Please use :: or requireNamespace() instead.
  See section 'Suggested packages' in the 'Writing R Extensions' manual.
* checking S3 generic/method consistency ... OK
* checking replacement functions ... OK
* checking foreign function calls ... OK
* checking R code for possible problems ... OK
* checking Rd files ... OK
* checking Rd metadata ... OK
* checking Rd cross-references ... WARNING
Missing link or links in documentation object 'rank.Rd':
  '[S4Vectors]{rank,Vector-method}'

See section 'Cross-references' in the 'Writing R Extensions' manual.

* checking for missing documentation entries ... OK
* checking for code/documentation mismatches ... WARNING
Codoc mismatches from documentation object 'mad':
mad
  Code: function(x, center = median(x), constant = 1.4826, na.rm =
                 FALSE, low = FALSE, high = FALSE)
  Docs: function(x, center = median(x, na.rm = na.rm), constant =
                 1.4826, na.rm = FALSE, low = FALSE, high = FALSE)
  Mismatches in argument default values:
    Name: 'center' Code: median(x) Docs: median(x, na.rm = na.rm)

* checking Rd \usage sections ... NOTE
S3 methods shown with full name in documentation object 'rep':
  'rep.int'

The \usage entries for S3 methods should use the \method markup and not
their full name.
See chapter 'Writing R documentation files' in the 'Writing R
Extensions' manual.
* checking Rd contents ... OK
* checking for unstated dependencies in examples ... OK
* checking examples ...
** running examples for arch 'i386' ... [27s] OK
Examples with CPU or elapsed time > 5s
         user system elapsed
plotMA   6.32   0.06    6.56
fileName 4.76   0.13    8.29
** running examples for arch 'x64' ... [27s] OK
Examples with CPU or elapsed time > 5s
            user system elapsed
testPackage 6.84   0.01    6.85
plotMA      6.41   0.09    6.94
fileName    5.51   0.05    7.17
* checking for unstated dependencies in 'tests' ... OK
* checking tests ...
** running tests for arch 'i386' ...
  Running 'BiocGenerics_unit_tests.R' [2s]
 [2s] OK
** running tests for arch 'x64' ...
  Running 'BiocGenerics_unit_tests.R' [2s]
 [2s] OK
* checking PDF version of manual ... OK
* DONE

Status: 2 WARNINGs, 3 NOTEs
See
  'D:/biocbld/bbs-3.2-bioc/meat/BiocGenerics.Rcheck/00check.log'
for details.


BiocGenerics.Rcheck/00install.out:


install for i386

* installing *source* package 'BiocGenerics' ...
** R
** inst
** preparing package for lazy loading
Creating a new generic function for 'append' in package 'BiocGenerics'
Creating a new generic function for 'as.data.frame' in package 'BiocGenerics'
Creating a new generic function for 'as.vector' in package 'BiocGenerics'
Creating a new generic function for 'cbind' in package 'BiocGenerics'
Creating a new generic function for 'rbind' in package 'BiocGenerics'
Creating a new generic function for 'do.call' in package 'BiocGenerics'
Creating a new generic function for 'duplicated' in package 'BiocGenerics'
Creating a new generic function for 'anyDuplicated' in package 'BiocGenerics'
Creating a new generic function for 'eval' in package 'BiocGenerics'
Creating a new generic function for 'pmax' in package 'BiocGenerics'
Creating a new generic function for 'pmin' in package 'BiocGenerics'
Creating a new generic function for 'pmax.int' in package 'BiocGenerics'
Creating a new generic function for 'pmin.int' in package 'BiocGenerics'
Creating a new generic function for 'Reduce' in package 'BiocGenerics'
Creating a new generic function for 'Filter' in package 'BiocGenerics'
Creating a new generic function for 'Find' in package 'BiocGenerics'
Creating a new generic function for 'Map' in package 'BiocGenerics'
Creating a new generic function for 'Position' in package 'BiocGenerics'
Creating a new generic function for 'get' in package 'BiocGenerics'
Creating a new generic function for 'mget' in package 'BiocGenerics'
Creating a new generic function for 'grep' in package 'BiocGenerics'
Creating a new generic function for 'grepl' in package 'BiocGenerics'
Creating a new generic function for 'IQR' in package 'BiocGenerics'
Creating a new generic function for 'is.unsorted' in package 'BiocGenerics'
Creating a new generic function for 'lapply' in package 'BiocGenerics'
Creating a new generic function for 'sapply' in package 'BiocGenerics'
Creating a new generic function for 'mad' in package 'BiocGenerics'
Creating a new generic function for 'mapply' in package 'BiocGenerics'
Creating a new generic function for 'match' in package 'BiocGenerics'
Creating a new generic function for 'order' in package 'BiocGenerics'
Creating a new generic function for 'paste' in package 'BiocGenerics'
Creating a new generic function for 'rank' in package 'BiocGenerics'
Creating a new generic function for 'rep.int' in package 'BiocGenerics'
Creating a new generic function for 'rownames' in package 'BiocGenerics'
Creating a new generic function for 'colnames' in package 'BiocGenerics'
Creating a new generic function for 'union' in package 'BiocGenerics'
Creating a new generic function for 'intersect' in package 'BiocGenerics'
Creating a new generic function for 'setdiff' in package 'BiocGenerics'
Creating a new generic function for 'sort' in package 'BiocGenerics'
Creating a new generic function for 'table' in package 'BiocGenerics'
Creating a new generic function for 'tapply' in package 'BiocGenerics'
Creating a new generic function for 'unique' in package 'BiocGenerics'
Creating a new generic function for 'unlist' in package 'BiocGenerics'
Creating a new generic function for 'unsplit' in package 'BiocGenerics'
Creating a new generic function for 'xtabs' in package 'BiocGenerics'
Creating a new generic function for 'clusterCall' in package 'BiocGenerics'
Creating a new generic function for 'clusterApply' in package 'BiocGenerics'
Creating a new generic function for 'clusterApplyLB' in package 'BiocGenerics'
Creating a new generic function for 'clusterEvalQ' in package 'BiocGenerics'
Creating a new generic function for 'clusterExport' in package 'BiocGenerics'
Creating a new generic function for 'clusterMap' in package 'BiocGenerics'
Creating a new generic function for 'parLapply' in package 'BiocGenerics'
Creating a new generic function for 'parSapply' in package 'BiocGenerics'
Creating a new generic function for 'parApply' in package 'BiocGenerics'
Creating a new generic function for 'parRapply' in package 'BiocGenerics'
Creating a new generic function for 'parCapply' in package 'BiocGenerics'
Creating a new generic function for 'parLapplyLB' in package 'BiocGenerics'
Creating a new generic function for 'parSapplyLB' in package 'BiocGenerics'
** help
*** installing help indices
** building package indices
** testing if installed package can be loaded

install for x64

* installing *source* package 'BiocGenerics' ...
** testing if installed package can be loaded
* MD5 sums
packaged installation of 'BiocGenerics' as BiocGenerics_0.15.6.zip
* DONE (BiocGenerics)

BiocGenerics.Rcheck/examples_i386/BiocGenerics-Ex.timings:

nameusersystemelapsed
BiocGenerics-package000
Extremes0.020.000.02
IQR000
annotation0.290.000.29
append000
as.data.frame000
as.vector000
boxplot000
cbind000
clusterApply0.020.000.02
combine0.10.00.1
density000
do.call000
duplicated0.010.000.01
eval000
evalq000
fileName4.760.138.29
funprog0.020.000.01
get000
grep000
image0.010.000.02
is.unsorted000
lapply000
mad000
mapply000
match000
normalize0.030.000.03
nrow000
order000
organism_species101
paste000
plotMA6.320.066.56
plotPCA2.540.032.57
rank0.010.000.02
relist000
rep000
residuals000
row_colnames0.020.000.02
score0.110.010.12
sets0.010.000.02
sort000
start0.070.020.07
strand0.090.030.13
subset0.030.000.04
table0.010.000.01
tapply000
testPackage4.930.024.95
unique000
unlist000
unsplit000
updateObject0.20.00.2
weights0.020.000.01
xtabs000

BiocGenerics.Rcheck/examples_x64/BiocGenerics-Ex.timings:

nameusersystemelapsed
BiocGenerics-package000
Extremes0.010.000.01
IQR000
annotation0.480.000.48
append000
as.data.frame0.020.000.01
as.vector000
boxplot000
cbind000
clusterApply0.030.000.03
combine0.070.000.08
density000
do.call000
duplicated000
eval0.020.000.02
evalq000
fileName5.510.057.17
funprog0.010.000.02
get0.020.000.01
grep000
image000
is.unsorted0.010.000.02
lapply000
mad000
mapply0.020.000.01
match000
normalize0.060.000.07
nrow0.020.000.01
order000
organism_species1.150.001.16
paste0.020.000.01
plotMA6.410.096.94
plotPCA2.190.022.34
rank0.010.000.02
relist000
rep000
residuals0.020.000.01
row_colnames0.000.010.02
score0.140.000.14
sets000
sort000
start0.090.000.09
strand0.190.000.19
subset0.060.000.06
table000
tapply000
testPackage6.840.016.85
unique000
unlist000
unsplit000
updateObject0.280.000.28
weights000
xtabs000