Back to First build/check report with an "external build node"

This page was generated on 2023-06-01 18:17:19 -0400 (Thu, 01 Jun 2023).

HostnameOSArch (*)R versionInstalled pkgs
xps15Linux (Ubuntu 23.04)x86_644.3.0 Patched (2023-05-23 r84466) -- "Already Tomorrow" 544
Click on any hostname to see more info about the system (e.g. compilers)      (*) as reported by 'uname -p', except on Windows and Mac OS X

CHECK results for ggbio on xps15


To the developers/maintainers of the ggbio package:
Use the following Renviron settings to reproduce errors and warnings.

Note: If "R CMD check" recently failed on the Linux builder over a missing dependency, add the missing dependency to "Suggests" in your DESCRIPTION file. See the Renviron.bioc for details.

raw results

Package 44/91HostnameOS / ArchINSTALLBUILDCHECKBUILD BIN
ggbio 1.49.0  (landing page)
Michael Lawrence
Snapshot Date: 2023-06-01 15:10:15 -0400 (Thu, 01 Jun 2023)
git_url: https://git.bioconductor.org/packages/ggbio
git_branch: devel
git_last_commit: 3a00da4
git_last_commit_date: 2023-04-25 10:21:27 -0400 (Tue, 25 Apr 2023)
xps15Linux (Ubuntu 23.04) / x86_64  OK    OK    WARNINGS  

Summary

Package: ggbio
Version: 1.49.0
Command: /home/hpages/bbs-3.18-bioc/R/bin/R CMD check --install=check:ggbio.install-out.txt --library=/home/hpages/bbs-3.18-bioc-testing/Rlibs --timings ggbio_1.49.0.tar.gz
StartedAt: 2023-06-01 13:08:44 -0700 (Thu, 01 Jun 2023)
EndedAt: 2023-06-01 13:23:51 -0700 (Thu, 01 Jun 2023)
EllapsedTime: 906.8 seconds
RetCode: 0
Status:   WARNINGS  
CheckDir: ggbio.Rcheck
Warnings: 2

Command output

##############################################################################
##############################################################################
###
### Running command:
###
###   /home/hpages/bbs-3.18-bioc/R/bin/R CMD check --install=check:ggbio.install-out.txt --library=/home/hpages/bbs-3.18-bioc-testing/Rlibs --timings ggbio_1.49.0.tar.gz
###
##############################################################################
##############################################################################


* using log directory ‘/home/hpages/bbs-3.18-bioc-testing/meat/ggbio.Rcheck’
* using R version 4.3.0 Patched (2023-05-23 r84466)
* using platform: x86_64-pc-linux-gnu (64-bit)
* R was compiled by
    gcc (Ubuntu 12.2.0-17ubuntu1) 12.2.0
    GNU Fortran (Ubuntu 12.2.0-17ubuntu1) 12.2.0
* running under: Ubuntu 23.04
* using session charset: UTF-8
* checking for file ‘ggbio/DESCRIPTION’ ... OK
* this is package ‘ggbio’ version ‘1.49.0’
* checking package namespace information ... OK
* checking package dependencies ... OK
* checking if this is a source package ... OK
* checking if there is a namespace ... OK
* checking for hidden files and directories ... OK
* checking for portable file names ... OK
* checking for sufficient/correct file permissions ... OK
* checking whether package ‘ggbio’ can be installed ... OK
* checking installed package size ... OK
* checking package directory ... OK
* checking ‘build’ directory ... OK
* checking DESCRIPTION meta-information ... OK
* checking top-level files ... OK
* checking for left-over files ... OK
* checking index information ... OK
* checking package subdirectories ... OK
* checking R files for non-ASCII characters ... OK
* checking R files for syntax errors ... OK
* checking whether the package can be loaded ... OK
* checking whether the package can be loaded with stated dependencies ... OK
* checking whether the package can be unloaded cleanly ... OK
* checking whether the namespace can be loaded with stated dependencies ... OK
* checking whether the namespace can be unloaded cleanly ... OK
* checking loading without being on the library search path ... OK
* checking startup messages can be suppressed ... OK
* checking dependencies in R code ... NOTE
':::' call which should be '::': 'ggplot2:::set_last_plot'
  See the note in ?`:::` about the use of this operator.
Unexported objects imported by ':::' calls:
  'S4Vectors:::top_prenv' 'ggplot2:::add_ggplot' 'ggplot2:::cunion'
  'ggplot2:::rescale01'
  See the note in ?`:::` about the use of this operator.
* checking S3 generic/method consistency ... OK
* checking replacement functions ... OK
* checking foreign function calls ... OK
* checking R code for possible problems ... NOTE
.combineNames: no visible binding for global variable
  '.layout_circle.stats'
Ideogram: no visible global function definition for 'data'
Ideogram: no visible binding for global variable 'ideoCyto'
getNR: no visible global function definition for 'se'
getNR: no visible global function definition for 'indexProbesProcessed'
getNR: no visible global function definition for 'coefs'
scale_x_sequnit: no visible binding for global variable '.x'
autoplot,ExpressionSet: no visible binding for global variable
  'variable'
autoplot,RangedSummarizedExperiment: no visible binding for global
  variable 'variable'
autoplot,VCF: no visible binding for global variable 'stepping'
autoplot,VCF: no visible binding for global variable 'value'
autoplot,VRanges: no visible binding for global variable 'midpoint'
autoplot,Views: no visible binding for global variable 'x'
autoplot,Views: no visible binding for global variable 'value'
geom_alignment,BamFile: no visible binding for global variable 'fl'
geom_alignment,BamFile: no visible binding for global variable
  'stepping'
height,GGbio: no visible binding for global variable 'mt'
height,Tracked: no visible binding for global variable 'mt'
height,gg: no visible binding for global variable 'mt'
layout_karyogram,GRanges: no visible binding for global variable
  'gieStain'
layout_karyogram,GRanges: no visible binding for global variable 'x'
layout_karyogram,GRanges: no visible binding for global variable 'xend'
layout_karyogram,GRanges: no visible binding for global variable 'y2'
layout_karyogram,GRanges: no visible binding for global variable
  'yend2'
layout_karyogram,GRanges: no visible binding for global variable 'name'
plotFragLength,character-GRanges: no visible binding for global
  variable '.fragLength'
plotSpliceSum,character-EnsDb: possible error in GRangesFilter(which,
  condition = "overlapping"): unused argument (condition =
  "overlapping")
stat_mismatch,GRanges: no visible binding for global variable 'sts'
stat_mismatch,GRanges: no visible binding for global variable 'eds'
stat_mismatch,GRanges: no visible binding for global variable 'read'
Undefined global functions or variables:
  .fragLength .layout_circle.stats .x coefs data eds fl gieStain
  ideoCyto indexProbesProcessed midpoint mt name read se stepping sts
  value variable x xend y2 yend2
Consider adding
  importFrom("utils", "data")
to your NAMESPACE file.
* checking Rd files ... NOTE
checkRd: (-1) autoplot-method.Rd:445: Escaped LaTeX specials: \~
* checking Rd metadata ... OK
* checking Rd cross-references ... OK
* checking for missing documentation entries ... WARNING
Undocumented S4 methods:
  generic '+' and siglist 'Tracks,ANY'
  generic '+' and siglist 'Tracks,Tracks'
  generic '+' and siglist 'Tracks,cartesian'
  generic '+' and siglist 'Tracks,position_c'
  generic '+' and siglist 'Tracks,theme'
  generic '+' and siglist 'Tracks,zoom'
All user-level objects in a package (including S4 classes and methods)
should have documentation entries.
See chapter ‘Writing R documentation files’ in the ‘Writing R
Extensions’ manual.
* checking for code/documentation mismatches ... WARNING
Codoc mismatches from documentation object 'geom_alignment':
\S4method{geom_alignment}{GRanges}
  Code: function(data, ..., xlab, ylab, main, facets = NULL, stat =
                 c("stepping", "identity"), range.geom = c("rect",
                 "arrowrect"), gap.geom = c("chevron", "arrow",
                 "segment"), rect.height = NULL, group.selfish = TRUE)
  Docs: function(data, ..., xlab, ylab, main, facets = NULL, stat =
                 c("stepping", "identity"), range.geom = c("rect",
                 "arrowrect"), gap.geom = c("chevron", "arrow",
                 "segment"), rect.height = NULL, group.selfish = TRUE,
                 label = TRUE)
  Argument names in docs not in code:
    label

Codoc mismatches from documentation object 'ggsave':
ggsave
  Code: function(filename, plot = last_plot(), device = NULL, path =
                 NULL, scale = 1, width = NA, height = NA, units =
                 c("in", "cm", "mm"), dpi = 300, limitsize = TRUE, ...)
  Docs: function(filename, plot = last_plot(), device =
                 default_device(filename), path = NULL, scale = 1,
                 width = par("din")[1], height = par("din")[2], units =
                 c("in", "cm", "mm"), dpi = 300, limitsize = TRUE, ...)
  Mismatches in argument default values:
    Name: 'device' Code: NULL Docs: default_device(filename)
    Name: 'width' Code: NA Docs: par("din")[1]
    Name: 'height' Code: NA Docs: par("din")[2]

* checking Rd \usage sections ... OK
* checking Rd contents ... OK
* checking for unstated dependencies in examples ... OK
* checking line endings in Makefiles ... OK
* checking for GNU extensions in Makefiles ... OK
* checking include directives in Makefiles ... OK
* checking files in ‘vignettes’ ... OK
* checking examples ... OK
Examples with CPU (user + system) or elapsed time > 5s
                          user system elapsed
autoplot-method         85.753  0.646  86.569
geom_alignment-method   33.893  0.140  34.043
tracks                  22.706  0.020  22.730
layout_karyogram-method 16.640  0.008  16.648
plotRangesLinkedToData  11.163  0.040  11.212
stat_reduce-method       8.334  0.064   8.398
ggplot-method            8.154  0.012   8.167
stat_aggregate-method    6.655  0.008   6.664
plotGrandLinear          6.096  0.024   6.120
geom_chevron-method      6.019  0.024   6.044
geom_arrow-method        5.933  0.008   5.943
layout_circle-method     5.556  0.004   5.560
* checking for unstated dependencies in ‘tests’ ... OK
* checking tests ...
  Running ‘test-all.R’
 OK
* checking for unstated dependencies in vignettes ... OK
* checking package vignettes in ‘inst/doc’ ... OK
* checking running R code from vignettes ...
  ‘ggbio.Rnw’... OK
 NONE
* checking re-building of vignette outputs ... OK
* checking PDF version of manual ... OK
* DONE

Status: 2 WARNINGs, 3 NOTEs
See
  ‘/home/hpages/bbs-3.18-bioc-testing/meat/ggbio.Rcheck/00check.log’
for details.



Installation output

ggbio.Rcheck/00install.out

##############################################################################
##############################################################################
###
### Running command:
###
###   /home/hpages/bbs-3.18-bioc/R/bin/R CMD INSTALL ggbio
###
##############################################################################
##############################################################################


* installing to library ‘/home/hpages/bbs-3.18-bioc-testing/Rlibs’
* installing *source* package ‘ggbio’ ...
** using staged installation
** R
** inst
** byte-compile and prepare package for lazy loading
Creating a new generic function for 'rescale' in package 'ggbio'
Creating a new generic function for 'xlim' in package 'ggbio'
Creating a new generic function for 'geom_rect' in package 'ggbio'
Creating a new generic function for 'geom_segment' in package 'ggbio'
Creating a new generic function for 'geom_bar' in package 'ggbio'
Creating a new generic function for 'stat_identity' in package 'ggbio'
Creating a new generic function for 'stat_bin' in package 'ggbio'
** help
*** installing help indices
** building package indices
** installing vignettes
** testing if installed package can be loaded from temporary location
** testing if installed package can be loaded from final location
** testing if installed package keeps a record of temporary installation path
* DONE (ggbio)

Tests output

ggbio.Rcheck/tests/test-all.Rout


R version 4.3.0 Patched (2023-05-23 r84466) -- "Already Tomorrow"
Copyright (C) 2023 The R Foundation for Statistical Computing
Platform: x86_64-pc-linux-gnu (64-bit)

R is free software and comes with ABSOLUTELY NO WARRANTY.
You are welcome to redistribute it under certain conditions.
Type 'license()' or 'licence()' for distribution details.

R is a collaborative project with many contributors.
Type 'contributors()' for more information and
'citation()' on how to cite R or R packages in publications.

Type 'demo()' for some demos, 'help()' for on-line help, or
'help.start()' for an HTML browser interface to help.
Type 'q()' to quit R.

> library(testthat)
> test_check("ggbio")
Loading required package: ggbio
Loading required package: BiocGenerics

Attaching package: 'BiocGenerics'

The following objects are masked from 'package:stats':

    IQR, mad, sd, var, xtabs

The following objects are masked from 'package:base':

    Filter, Find, Map, Position, Reduce, anyDuplicated, aperm, append,
    as.data.frame, basename, cbind, colnames, dirname, do.call,
    duplicated, eval, evalq, get, grep, grepl, intersect, is.unsorted,
    lapply, mapply, match, mget, order, paste, pmax, pmax.int, pmin,
    pmin.int, rank, rbind, rownames, sapply, setdiff, sort, table,
    tapply, union, unique, unsplit, which.max, which.min

Loading required package: ggplot2
Need specific help about ggbio? try mailing 
 the maintainer or visit https://lawremi.github.io/ggbio/

Attaching package: 'ggbio'

The following objects are masked from 'package:ggplot2':

    geom_bar, geom_rect, geom_segment, ggsave, stat_bin, stat_identity,
    xlim

[ FAIL 0 | WARN 0 | SKIP 0 | PASS 0 ]
> 
> proc.time()
   user  system elapsed 
 17.571   0.782  18.340 

Example timings

ggbio.Rcheck/ggbio-Ex.timings

nameusersystemelapsed
arrangeGrobByParsingLegend2.5760.1322.708
autoplot-method85.753 0.64686.569
geom_alignment-method33.893 0.14034.043
geom_arch-method1.2710.0131.284
geom_arrow-method5.9330.0085.943
geom_arrowrect-method3.6370.0003.637
geom_bar-method1.0780.0021.080
geom_chevron-method6.0190.0246.044
geom_rect-method3.6360.0083.645
geom_segment-method2.9570.0002.957
ggbio-class0.0120.0000.012
ggplot-method8.1540.0128.167
layout_circle-method5.5560.0045.560
layout_karyogram-method16.640 0.00816.648
plotFragLength000
plotGrandLinear6.0960.0246.120
plotRangesLinkedToData11.163 0.04011.212
plotSingleChrom000
plotSpliceSum0.0010.0000.000
plotStackedOverview000
rescale-method0.1140.0000.114
scale_fill_fold_change0.3600.0040.363
scale_fill_giemsa2.360.002.36
scale_x_sequnit0.3070.0000.307
stat_aggregate-method6.6550.0086.664
stat_bin-method4.6600.0004.659
stat_coverage-method2.1390.0082.146
stat_gene-method0.0000.0000.001
stat_identity-method2.9510.0162.967
stat_reduce-method8.3340.0648.398
stat_slice-method2.9310.0002.931
stat_stepping-method2.4280.0082.436
stat_table-method1.5400.0001.539
theme1.5080.0001.509
tracks22.706 0.02022.730