Back to the "Multiple platform build/check report" |
Package 93/106 | Hostname | OS / Arch | BUILD | CHECK | BUILD BIN | ||||
simpIntLists 0.99.0 Kircicegi Korkmaz
| lamb1 | Linux (openSUSE 11.3) / x86_64 | OK | OK | |||||
gewurz | Windows Server 2008 R2 Enterprise SP1 (64-bit) / x64 | OK | [ WARNINGS ] | OK | |||||
pelham | Mac OS X Leopard (10.5.8) / i386 | OK | OK | OK |
Package: simpIntLists |
Version: 0.99.0 |
Command: D:\biocbld\bbs-2.8-bioc\R\bin\R.exe CMD check --no-vignettes --timings --no-multiarch simpIntLists_0.99.0.tar.gz |
StartedAt: 2011-10-19 03:14:21 -0700 (Wed, 19 Oct 2011) |
EndedAt: 2011-10-19 03:15:10 -0700 (Wed, 19 Oct 2011) |
EllapsedTime: 48.8 seconds |
RetCode: 0 |
Status: WARNINGS |
CheckDir: simpIntLists.Rcheck |
Warnings: 1 |
* using log directory 'D:/biocbld/bbs-2.8-data-experiment/meat/simpIntLists.Rcheck' * using R version 2.13.2 (2011-09-30) * using platform: x86_64-pc-mingw32 (64-bit) * using session charset: ISO8859-1 * using option '--no-vignettes' * checking for file 'simpIntLists/DESCRIPTION' ... OK * checking extension type ... Package * this is package 'simpIntLists' version '0.99.0' * checking package namespace information ... OK * checking package dependencies ... OK * checking if this is a source package ... OK * checking whether package 'simpIntLists' can be installed ... OK * checking installed package size ... OK * checking package directory ... OK * checking for portable file names ... OK * checking DESCRIPTION meta-information ... OK * checking top-level files ... OK * checking index information ... OK * checking package subdirectories ... OK * checking R files for non-ASCII characters ... OK * checking R files for syntax errors ... OK * checking whether the package can be loaded ... OK * checking whether the package can be loaded with stated dependencies ... OK * checking whether the package can be unloaded cleanly ... OK * checking whether the namespace can be loaded with stated dependencies ... OK * checking whether the namespace can be unloaded cleanly ... OK * checking for unstated dependencies in R code ... OK * checking S3 generic/method consistency ... OK * checking replacement functions ... OK * checking foreign function calls ... OK * checking R code for possible problems ... OK * checking Rd files ... OK * checking Rd metadata ... OK * checking Rd cross-references ... OK * checking for missing documentation entries ... OK * checking for code/documentation mismatches ... OK * checking Rd \usage sections ... OK * checking Rd contents ... OK * checking for unstated dependencies in examples ... OK * checking contents of 'data' directory ... OK * checking data for non-ASCII characters ... OK * checking data for ASCII and uncompressed saves ... OK * checking examples ... OK * checking for unstated dependencies in vignettes ... OK * checking package vignettes in 'inst/doc' ... WARNING Package vignette(s) without corresponding PDF: simpIntLists.Rnw * checking running R code from vignettes ... SKIPPED * checking re-building of vignettes ... SKIPPED * checking PDF version of manual ... OK WARNING: There was 1 warning, see 'D:/biocbld/bbs-2.8-data-experiment/meat/simpIntLists.Rcheck/00check.log' for details
simpIntLists.Rcheck/00install.out:
* installing *source* package 'simpIntLists' ... ** R ** data ** inst ** preparing package for lazy loading ** help *** installing help indices ** building package indices ... ** testing if installed package can be loaded * DONE (simpIntLists)
simpIntLists.Rcheck/simpIntLists-Ex.timings:
name | user | system | elapsed | |
ArabidopsisBioGRIDInteractionEntrezId | 0.06 | 0.05 | 0.10 | |
ArabidopsisBioGRIDInteractionOfficial | 0.08 | 0.01 | 0.35 | |
ArabidopsisBioGRIDInteractionUniqueId | 0.07 | 0.02 | 0.10 | |
C.ElegansBioGRIDInteractionEntrezId | 0.13 | 0.03 | 0.15 | |
C.ElegansBioGRIDInteractionOfficial | 0.09 | 0.08 | 0.18 | |
C.ElegansBioGRIDInteractionUniqueId | 0.11 | 0.08 | 0.18 | |
FruitFlyBioGRIDInteractionEntrezId | 0.27 | 0.11 | 0.38 | |
FruitFlyBioGRIDInteractionOfficial | 0.37 | 0.09 | 0.47 | |
FruitFlyBioGRIDInteractionUniqueId | 0.39 | 0.16 | 0.54 | |
HumanBioGRIDInteractionEntrezId | 0.25 | 0.25 | 0.50 | |
HumanBioGRIDInteractionOfficial | 0.36 | 0.25 | 0.61 | |
HumanBioGRIDInteractionUniqueId | 0.06 | 0.01 | 0.08 | |
MouseBioGRIDInteractionEntrezId | 0.06 | 0.05 | 0.11 | |
MouseBioGRIDInteractionOfficial | 0.07 | 0.03 | 0.09 | |
MouseBioGRIDInteractionUniqueId | 0.00 | 0.02 | 0.02 | |
S.PombeBioGRIDInteractionEntrezId | 0.14 | 0.04 | 0.18 | |
S.PombeBioGRIDInteractionOfficial | 0.12 | 0.06 | 0.19 | |
S.PombeBioGRIDInteractionUniqueId | 0.13 | 0.10 | 0.22 | |
YeastBioGRIDInteractionEntrezId | 0.76 | 0.39 | 1.56 | |
YeastBioGRIDInteractionOfficial | 1.05 | 0.59 | 2.24 | |
YeastBioGRIDInteractionUniqueId | 1.12 | 0.61 | 2.67 | |
findInteractionList | 0.03 | 0.06 | 0.09 | |
simpIntLists | 0.32 | 0.05 | 0.36 | |